Last updated on 2021-02-26 22:47:33 CET.
Flavor | Version | Tinstall | Tcheck | Ttotal | Status | Flags |
---|---|---|---|---|---|---|
r-devel-linux-x86_64-debian-clang | 0.6.2 | 12.29 | 140.52 | 152.81 | OK | |
r-devel-linux-x86_64-debian-gcc | 0.6.2 | 10.56 | 106.45 | 117.01 | OK | |
r-devel-linux-x86_64-fedora-clang | 0.6.2 | 204.17 | OK | |||
r-devel-linux-x86_64-fedora-gcc | 0.6.2 | 187.84 | OK | |||
r-devel-windows-ix86+x86_64 | 0.6.2 | 17.00 | 103.00 | 120.00 | OK | |
r-patched-linux-x86_64 | 0.6.2 | 11.08 | 132.24 | 143.32 | NOTE | |
r-patched-solaris-x86 | 0.6.2 | 239.70 | OK | |||
r-release-linux-x86_64 | 0.6.2 | 11.50 | 131.91 | 143.41 | OK | |
r-release-macos-x86_64 | 0.6.2 | OK | ||||
r-release-windows-ix86+x86_64 | 0.6.2 | 17.00 | 107.00 | 124.00 | OK | |
r-oldrel-macos-x86_64 | 0.6.2 | OK | ||||
r-oldrel-windows-ix86+x86_64 | 0.6.2 | 15.00 | 112.00 | 127.00 | OK |
Version: 0.6.2
Check: package dependencies
Result: NOTE
Package suggested but not available for checking: ‘rstanarm’
Flavor: r-patched-linux-x86_64