Last updated on 2021-02-26 09:49:31 CET.
Flavor | Version | Tinstall | Tcheck | Ttotal | Status | Flags |
---|---|---|---|---|---|---|
r-devel-linux-x86_64-debian-clang | 0.2-4.1 | 2.89 | 35.83 | 38.72 | NOTE | |
r-devel-linux-x86_64-debian-gcc | 0.2-4.1 | 2.43 | 27.78 | 30.21 | NOTE | |
r-devel-linux-x86_64-fedora-clang | 0.2-4.1 | 57.94 | NOTE | |||
r-devel-linux-x86_64-fedora-gcc | 0.2-4.1 | 48.60 | NOTE | |||
r-devel-windows-ix86+x86_64 | 0.2-4.1 | 8.00 | 44.00 | 52.00 | OK | |
r-patched-linux-x86_64 | 0.2-4.1 | 3.52 | 34.25 | 37.77 | NOTE | |
r-patched-solaris-x86 | 0.2-4.1 | 78.50 | OK | |||
r-release-linux-x86_64 | 0.2-4.1 | 3.32 | 34.27 | 37.59 | NOTE | |
r-release-macos-x86_64 | 0.2-4.1 | OK | ||||
r-release-windows-ix86+x86_64 | 0.2-4.1 | 6.00 | 37.00 | 43.00 | OK | |
r-oldrel-macos-x86_64 | 0.2-4.1 | OK | ||||
r-oldrel-windows-ix86+x86_64 | 0.2-4.1 | 5.00 | 38.00 | 43.00 | OK |
Version: 0.2-4.1
Check: top-level files
Result: NOTE
Non-standard file/directory found at top level:
'src-java'
Flavors: r-devel-linux-x86_64-debian-clang, r-devel-linux-x86_64-debian-gcc, r-devel-linux-x86_64-fedora-clang, r-devel-linux-x86_64-fedora-gcc, r-patched-linux-x86_64, r-release-linux-x86_64