Last updated on 2021-01-15 09:50:59 CET.
Flavor | Version | Tinstall | Tcheck | Ttotal | Status | Flags |
---|---|---|---|---|---|---|
r-devel-linux-x86_64-debian-clang | 1.0 | 7.70 | 60.08 | 67.78 | OK | |
r-devel-linux-x86_64-debian-gcc | 1.0 | 5.36 | 47.17 | 52.53 | OK | |
r-devel-linux-x86_64-fedora-clang | 1.0 | 94.30 | NOTE | |||
r-devel-linux-x86_64-fedora-gcc | 1.0 | 84.03 | NOTE | |||
r-devel-windows-ix86+x86_64 | 1.0 | 11.00 | 90.00 | 101.00 | OK | |
r-patched-linux-x86_64 | 1.0 | 6.81 | 57.33 | 64.14 | OK | |
r-patched-solaris-x86 | 1.0 | 122.30 | NOTE | |||
r-release-linux-x86_64 | 1.0 | 6.53 | 57.36 | 63.89 | OK | |
r-release-macos-x86_64 | 1.0 | NOTE | ||||
r-release-windows-ix86+x86_64 | 1.0 | 12.00 | 90.00 | 102.00 | OK | |
r-oldrel-macos-x86_64 | 1.0 | NOTE | ||||
r-oldrel-windows-ix86+x86_64 | 1.0 | 8.00 | 60.00 | 68.00 | OK |
Version: 1.0
Check: dependencies in R code
Result: NOTE
Namespace in Imports field not imported from: ‘maptools’
All declared Imports should be used.
Flavors: r-devel-linux-x86_64-fedora-clang, r-devel-linux-x86_64-fedora-gcc, r-patched-solaris-x86, r-release-macos-x86_64, r-oldrel-macos-x86_64