CRAN Package Check Results for Package saeSim

Last updated on 2024-02-27 09:54:07 CET.

Flavor Version Tinstall Tcheck Ttotal Status Flags
r-devel-linux-x86_64-debian-clang 0.11.0 10.85 139.81 150.66 NOTE
r-devel-linux-x86_64-debian-gcc 0.11.0 10.23 102.30 112.53 NOTE
r-devel-linux-x86_64-fedora-clang 0.11.0 181.27 NOTE
r-devel-linux-x86_64-fedora-gcc 0.11.0 185.30 NOTE
r-devel-windows-x86_64 0.11.0 11.00 122.00 133.00 OK
r-patched-linux-x86_64 0.11.0 17.47 133.46 150.93 OK
r-release-linux-x86_64 0.11.0 9.84 134.26 144.10 OK
r-release-macos-arm64 0.11.0 63.00 OK
r-release-macos-x86_64 0.11.0 111.00 OK
r-release-windows-x86_64 0.11.0 14.00 149.00 163.00 OK
r-oldrel-macos-arm64 0.11.0 108.00 OK
r-oldrel-windows-x86_64 0.11.0 17.00 158.00 175.00 OK

Check Details

Version: 0.11.0
Check: Rd files
Result: NOTE checkRd: (-1) sim_setup_preconfigured.Rd:24: Lost braces in \itemize; meant \describe ? checkRd: (-1) sim_setup_preconfigured.Rd:25: Lost braces in \itemize; meant \describe ? checkRd: (-1) sim_setup_preconfigured.Rd:26: Lost braces in \itemize; meant \describe ? checkRd: (-1) sim_setup_preconfigured.Rd:27: Lost braces in \itemize; meant \describe ? checkRd: (-1) sim_setup_preconfigured.Rd:28: Lost braces in \itemize; meant \describe ? checkRd: (-1) sim_setup_preconfigured.Rd:29: Lost braces in \itemize; meant \describe ? checkRd: (-1) sim_setup_preconfigured.Rd:30: Lost braces in \itemize; meant \describe ? checkRd: (-1) sim_setup_preconfigured.Rd:31: Lost braces in \itemize; meant \describe ? Flavors: r-devel-linux-x86_64-debian-clang, r-devel-linux-x86_64-debian-gcc, r-devel-linux-x86_64-fedora-clang, r-devel-linux-x86_64-fedora-gcc

Version: 0.11.0
Check: Rd cross-references
Result: NOTE Undeclared package ‘magrittr’ in Rd xrefs Flavor: r-devel-linux-x86_64-fedora-clang