CRAN Package Check Results for Package rtrim

Last updated on 2024-02-27 09:54:07 CET.

Flavor Version Tinstall Tcheck Ttotal Status Flags
r-devel-linux-x86_64-debian-clang 2.1.1 7.71 172.35 180.06 NOTE
r-devel-linux-x86_64-debian-gcc 2.1.1 6.27 139.93 146.20 NOTE
r-devel-linux-x86_64-fedora-clang 2.1.1 217.03 NOTE
r-devel-linux-x86_64-fedora-gcc 2.1.1 246.87 NOTE
r-devel-windows-x86_64 2.1.1 8.00 158.00 166.00 NOTE
r-patched-linux-x86_64 2.1.1 9.02 177.44 186.46 OK
r-release-linux-x86_64 2.1.1 7.18 177.73 184.91 OK
r-release-macos-arm64 2.1.1 87.00 OK
r-release-macos-x86_64 2.1.1 144.00 OK
r-release-windows-x86_64 2.1.1 7.00 186.00 193.00 OK
r-oldrel-macos-arm64 2.1.1 64.00 OK
r-oldrel-windows-x86_64 2.1.1 11.00 165.00 176.00 OK

Check Details

Version: 2.1.1
Check: Rd files
Result: NOTE checkRd: (-1) read_vcv.Rd:10: Lost braces 10 | \item{file}{\\code{[character]} filename} | ^ Flavors: r-devel-linux-x86_64-debian-clang, r-devel-linux-x86_64-debian-gcc, r-devel-linux-x86_64-fedora-clang, r-devel-linux-x86_64-fedora-gcc

Version: 2.1.1
Check: Rd \usage sections
Result: NOTE Documented arguments not in \usage in Rd file 'summary.trimbatch.Rd': ‘x’ Documented arguments not in \usage in Rd file 'trim_workhorse.Rd': ‘max_beta’ Functions with \usage entries need to have the appropriate \alias entries, and all their arguments documented. The \usage entries must correspond to syntactically valid R code. See chapter ‘Writing R documentation files’ in the ‘Writing R Extensions’ manual. Flavors: r-devel-linux-x86_64-debian-clang, r-devel-linux-x86_64-debian-gcc, r-devel-linux-x86_64-fedora-clang, r-devel-linux-x86_64-fedora-gcc, r-devel-windows-x86_64