CRAN Package Check Results for Package rtf

Last updated on 2021-01-20 09:49:59 CET.

Flavor Version Tinstall Tcheck Ttotal Status Flags
r-devel-linux-x86_64-debian-clang 0.4-14.1 3.47 45.70 49.17 NOTE
r-devel-linux-x86_64-debian-gcc 0.4-14.1 2.79 35.75 38.54 NOTE
r-devel-linux-x86_64-fedora-clang 0.4-14.1 69.98 NOTE
r-devel-linux-x86_64-fedora-gcc 0.4-14.1 60.04 NOTE
r-devel-windows-ix86+x86_64 0.4-14.1 4.00 56.00 60.00 OK
r-patched-linux-x86_64 0.4-14.1 3.44 44.14 47.58 NOTE
r-patched-solaris-x86 0.4-14.1 83.10 NOTE
r-release-linux-x86_64 0.4-14.1 3.41 44.89 48.30 NOTE
r-release-macos-x86_64 0.4-14.1 OK
r-release-windows-ix86+x86_64 0.4-14.1 6.00 55.00 61.00 OK
r-oldrel-macos-x86_64 0.4-14.1 OK
r-oldrel-windows-ix86+x86_64 0.4-14.1 4.00 52.00 56.00 OK

Check Details

Version: 0.4-14.1
Check: for non-standard things in the check directory
Result: NOTE
    Found the following files/directories:
     'test_addPageBreak.doc' 'test_addPlot.doc' 'test_addSessionInfo.doc'
     'test_addTable.doc'
Flavors: r-devel-linux-x86_64-debian-clang, r-devel-linux-x86_64-debian-gcc, r-devel-linux-x86_64-fedora-clang, r-devel-linux-x86_64-fedora-gcc, r-patched-linux-x86_64, r-patched-solaris-x86, r-release-linux-x86_64