CRAN Package Check Results for Package rsdmx

Last updated on 2024-02-27 21:48:37 CET.

Flavor Version Tinstall Tcheck Ttotal Status Flags
r-devel-linux-x86_64-debian-clang 0.6-3 9.71 130.78 140.49 NOTE
r-devel-linux-x86_64-debian-gcc 0.6-3 9.55 98.91 108.46 NOTE
r-devel-linux-x86_64-fedora-clang 0.6-3 173.63 NOTE
r-devel-linux-x86_64-fedora-gcc 0.6-3 179.34 NOTE
r-devel-windows-x86_64 0.6-3 11.00 113.00 124.00 OK
r-patched-linux-x86_64 0.6-3 15.20 125.32 140.52 OK
r-release-linux-x86_64 0.6-3 11.88 127.97 139.85 OK
r-release-macos-arm64 0.6-3 56.00 OK
r-release-macos-x86_64 0.6-3 122.00 OK
r-release-windows-x86_64 0.6-3 14.00 136.00 150.00 OK
r-oldrel-macos-arm64 0.6-3 45.00 OK
r-oldrel-windows-x86_64 0.6-3 15.00 132.00 147.00 OK

Additional issues

donttest

Check Details

Version: 0.6-3
Check: Rd files
Result: NOTE checkRd: (-1) SDMXDotStatRequestBuilder.Rd:58: Lost braces; missing escapes or markup? 58 | dataflow' resource (path="GetKeyFamily/{resourceID}") | ^ checkRd: (-1) SDMXDotStatRequestBuilder.Rd:59: Lost braces; missing escapes or markup? 59 | datastructure' resource (path="GetDataStructure/{resourceID}/{agencyID}") | ^ checkRd: (-1) SDMXDotStatRequestBuilder.Rd:59: Lost braces; missing escapes or markup? 59 | datastructure' resource (path="GetDataStructure/{resourceID}/{agencyID}") | ^ checkRd: (-1) SDMXDotStatRequestBuilder.Rd:60: Lost braces; missing escapes or markup? 60 | data' resource (path="GetData/{flowRef}/{key}/{agencyId}") | ^ checkRd: (-1) SDMXDotStatRequestBuilder.Rd:60: Lost braces; missing escapes or markup? 60 | data' resource (path="GetData/{flowRef}/{key}/{agencyId}") | ^ checkRd: (-1) SDMXDotStatRequestBuilder.Rd:60: Lost braces; missing escapes or markup? 60 | data' resource (path="GetData/{flowRef}/{key}/{agencyId}") | ^ checkRd: (-1) setSDMXServiceProviders.Rd:21: Lost braces; missing escapes or markup? 21 | dataflow' resource (path="dataset/{resourceId}/def.sdmx.xml") | ^ checkRd: (-1) setSDMXServiceProviders.Rd:22: Lost braces; missing escapes or markup? 22 | datastructure' resource (path="dataset/{resourceID}.structure.sdmx.xml") | ^ checkRd: (-1) setSDMXServiceProviders.Rd:23: Lost braces; missing escapes or markup? 23 | data' resource (path="dataset/{resourceID}.generic.sdmx.xml") | ^ checkRd: (-1) setSDMXServiceProviders.Rd:25: Lost braces; missing escapes or markup? 25 | datastructure' resource (path="/{resourceID}) | ^ checkRd: (-1) setSDMXServiceProviders.Rd:26: Lost braces; missing escapes or markup? 26 | data' resource (path="getdata?dataflow={flowRef}&key={key}) | ^ checkRd: (-1) setSDMXServiceProviders.Rd:26: Lost braces; missing escapes or markup? 26 | data' resource (path="getdata?dataflow={flowRef}&key={key}) | ^ checkRd: (-1) setSDMXServiceProviders.Rd:28: Lost braces; missing escapes or markup? 28 | datastructure' resource (path="/{resourceID}) | ^ checkRd: (-1) setSDMXServiceProviders.Rd:29: Lost braces; missing escapes or markup? 29 | data' resource (path="getdata?dataflow={flowRef}&key={key}) | ^ checkRd: (-1) setSDMXServiceProviders.Rd:29: Lost braces; missing escapes or markup? 29 | data' resource (path="getdata?dataflow={flowRef}&key={key}) | ^ Flavors: r-devel-linux-x86_64-debian-clang, r-devel-linux-x86_64-debian-gcc, r-devel-linux-x86_64-fedora-clang, r-devel-linux-x86_64-fedora-gcc