CRAN Package Check Results for Package rpf

Last updated on 2021-01-22 09:48:48 CET.

Flavor Version Tinstall Tcheck Ttotal Status Flags
r-devel-linux-x86_64-debian-clang 1.0.5 160.31 78.10 238.41 OK
r-devel-linux-x86_64-debian-gcc 1.0.5 110.19 60.03 170.22 OK
r-devel-linux-x86_64-fedora-clang 1.0.5 326.09 NOTE
r-devel-linux-x86_64-fedora-gcc 1.0.5 294.45 OK
r-devel-windows-ix86+x86_64 1.0.5 314.00 124.00 438.00 OK
r-patched-linux-x86_64 1.0.5 131.46 74.83 206.29 OK
r-patched-solaris-x86 1.0.5 249.10 ERROR
r-release-linux-x86_64 1.0.5 127.68 75.47 203.15 OK
r-release-macos-x86_64 1.0.5 NOTE
r-release-windows-ix86+x86_64 1.0.5 233.00 141.00 374.00 OK
r-oldrel-macos-x86_64 1.0.5 NOTE
r-oldrel-windows-ix86+x86_64 1.0.5 214.00 105.00 319.00 OK

Check Details

Version: 1.0.5
Check: installed package size
Result: NOTE
     installed size is 22.3Mb
     sub-directories of 1Mb or more:
     libs 21.3Mb
Flavors: r-devel-linux-x86_64-fedora-clang, r-release-macos-x86_64, r-oldrel-macos-x86_64

Version: 1.0.5
Check: tests
Result: ERROR
     Running ‘testthat.R’ [15s/15s]
    Running the tests in ‘tests/testthat.R’ failed.
    Complete output:
     > library(testthat)
     > library(rpf)
     Loading required package: parallel
     >
     > test_check("rpf")
     ══ Failed tests ════════════════════════════════════════════════════════════════
     ── Failure (test-score.R:30:3): tpbw1995-table2 ────────────────────────────────
     scores[, 1] not equal to c(0.084, -0.154).
     2/2 mismatches (average diff: 0.112)
     [1] 0.000 - 0.084 == -0.084
     [2] -0.294 - -0.154 == -0.140
     ── Failure (test-score.R:31:3): tpbw1995-table2 ────────────────────────────────
     scores[, 2] not equal to c(0.539, 0.572).
     2/2 mismatches (average diff: 0.405)
     [1] 0.000 - 0.539 == -0.539
     [2] 0.842 - 0.572 == 0.270
     ── Failure (test-weightColumn.R:40:3): EAPscores ───────────────────────────────
     grp1$score[, 1] not equal to grp2$score[, 1].
     786/1000 mismatches (average diff: 4.03)
     [1] 0.0000 - -1.897461 == 1.8975
     [2] 0.0000 - -0.271262 == 0.2713
     [3] 0.0000 - -0.271262 == 0.2713
     [5] -1.4375 - 0.000000 == -1.4375
     [6] -1.4375 - 0.000000 == -1.4375
     [8] -1.4375 - -0.744681 == -0.6928
     [9] -1.4375 - -0.000492 == -1.4370
     [10] -0.0168 - 0.000000 == -0.0168
     [11] -0.0168 - -1.874790 == 1.8580
     ...
    
     [ FAIL 3 | WARN 0 | SKIP 0 | PASS 399 ]
     Error: Test failures
     Execution halted
Flavor: r-patched-solaris-x86