CRAN Package Check Results for Package rgeolocate

Last updated on 2021-01-20 09:49:58 CET.

Flavor Version Tinstall Tcheck Ttotal Status Flags
r-devel-linux-x86_64-debian-clang 1.3.1 52.60 33.20 85.80 OK
r-devel-linux-x86_64-debian-gcc 1.3.1 32.25 26.23 58.48 OK
r-devel-linux-x86_64-fedora-clang 1.3.1 122.40 NOTE
r-devel-linux-x86_64-fedora-gcc 1.3.1 104.11 OK
r-devel-windows-ix86+x86_64 1.3.1 108.00 66.00 174.00 NOTE
r-patched-linux-x86_64 1.3.1 37.01 32.17 69.18 OK
r-patched-solaris-x86 1.3.1 104.80 OK
r-release-linux-x86_64 1.3.1 37.96 32.24 70.20 OK
r-release-macos-x86_64 1.3.1 NOTE
r-release-windows-ix86+x86_64 1.3.1 112.00 64.00 176.00 NOTE
r-oldrel-macos-x86_64 1.3.1 NOTE
r-oldrel-windows-ix86+x86_64 1.3.1 92.00 56.00 148.00 NOTE

Check Details

Version: 1.3.1
Check: installed package size
Result: NOTE
     installed size is 6.7Mb
     sub-directories of 1Mb or more:
     extdata 4.4Mb
     libs 2.1Mb
Flavors: r-devel-linux-x86_64-fedora-clang, r-devel-windows-ix86+x86_64, r-release-macos-x86_64, r-release-windows-ix86+x86_64, r-oldrel-macos-x86_64, r-oldrel-windows-ix86+x86_64