CRAN Package Check Results for Package regions

Last updated on 2024-02-27 21:48:36 CET.

Flavor Version Tinstall Tcheck Ttotal Status Flags
r-devel-linux-x86_64-debian-clang 0.1.8 7.81 89.31 97.12 NOTE
r-devel-linux-x86_64-debian-gcc 0.1.8 7.59 70.09 77.68 NOTE
r-devel-linux-x86_64-fedora-clang 0.1.8 126.61 NOTE
r-devel-linux-x86_64-fedora-gcc 0.1.8 132.96 NOTE
r-devel-windows-x86_64 0.1.8 12.00 102.00 114.00 OK
r-patched-linux-x86_64 0.1.8 9.87 89.59 99.46 OK
r-release-linux-x86_64 0.1.8 9.37 90.16 99.53 OK
r-release-macos-arm64 0.1.8 55.00 OK
r-release-macos-x86_64 0.1.8 86.00 OK
r-release-windows-x86_64 0.1.8 15.00 114.00 129.00 OK
r-oldrel-macos-arm64 0.1.8 44.00 NOTE
r-oldrel-windows-x86_64 0.1.8 16.00 118.00 134.00 OK

Check Details

Version: 0.1.8
Check: Rd files
Result: NOTE checkRd: (-1) impute_down_nuts.Rd:21: Lost braces 21 | NUTS typologies, defaults to code{"geo_var".}} | ^ checkRd: (-1) validate_data_frame.Rd:19: Lost braces 19 | NUTS typologies, defaults to code{"geo_var".}} | ^ Flavors: r-devel-linux-x86_64-debian-clang, r-devel-linux-x86_64-debian-gcc, r-devel-linux-x86_64-fedora-clang, r-devel-linux-x86_64-fedora-gcc

Version: 0.1.8
Check: data for non-ASCII characters
Result: NOTE Note: found 2 marked Latin-1 strings Note: found 50022 marked UTF-8 strings Flavors: r-devel-linux-x86_64-fedora-clang, r-devel-linux-x86_64-fedora-gcc, r-oldrel-macos-arm64