CRAN Package Check Results for Package raveio

Last updated on 2021-01-22 22:48:51 CET.

Flavor Version Tinstall Tcheck Ttotal Status Flags
r-devel-linux-x86_64-debian-clang 0.0.3 10.77 65.59 76.36 OK
r-devel-linux-x86_64-debian-gcc 0.0.3 9.54 50.85 60.39 OK
r-devel-linux-x86_64-fedora-clang 0.0.3 99.96 OK
r-devel-linux-x86_64-fedora-gcc 0.0.3 89.97 OK
r-devel-windows-ix86+x86_64 0.0.3 22.00 68.00 90.00 OK
r-patched-linux-x86_64 0.0.3 11.78 60.87 72.65 OK
r-patched-solaris-x86 0.0.3 112.20 ERROR
r-release-linux-x86_64 0.0.3 11.46 62.84 74.30 OK
r-release-macos-x86_64 0.0.3 OK
r-release-windows-ix86+x86_64 0.0.3 33.00 86.00 119.00 OK
r-oldrel-macos-x86_64 0.0.3 WARN
r-oldrel-windows-ix86+x86_64 0.0.3 14.00 62.00 76.00 OK

Check Details

Version: 0.0.3
Check: dependencies in R code
Result: NOTE
    prtconf: devinfo facility not available
    prtconf: devinfo facility not available
Flavor: r-patched-solaris-x86

Version: 0.0.3
Check: S3 generic/method consistency
Result: WARN
    prtconf: devinfo facility not available
    prtconf: devinfo facility not available
    See section ‘Generic functions and methods’ in the ‘Writing R
    Extensions’ manual.
Flavor: r-patched-solaris-x86

Version: 0.0.3
Check: replacement functions
Result: WARN
    prtconf: devinfo facility not available
    prtconf: devinfo facility not available
    The argument of a replacement function which corresponds to the right
    hand side must be named ‘value’.
Flavor: r-patched-solaris-x86

Version: 0.0.3
Check: foreign function calls
Result: NOTE
    prtconf: devinfo facility not available
    prtconf: devinfo facility not available
    See chapter ‘System and foreign language interfaces’ in the ‘Writing R
    Extensions’ manual.
Flavor: r-patched-solaris-x86

Version: 0.0.3
Check: R code for possible problems
Result: NOTE
    prtconf: devinfo facility not available
    prtconf: devinfo facility not available
    prtconf: devinfo facility not available
    prtconf: devinfo facility not available
Flavor: r-patched-solaris-x86

Version: 0.0.3
Check: for missing documentation entries
Result: WARN
    prtconf: devinfo facility not available
    prtconf: devinfo facility not available
    All user-level objects in a package should have documentation entries.
    See chapter ‘Writing R documentation files’ in the ‘Writing R
    Extensions’ manual.
Flavor: r-patched-solaris-x86

Version: 0.0.3
Check: for code/documentation mismatches
Result: WARN
    prtconf: devinfo facility not available
    prtconf: devinfo facility not available
    prtconf: devinfo facility not available
    prtconf: devinfo facility not available
    prtconf: devinfo facility not available
    prtconf: devinfo facility not available
Flavor: r-patched-solaris-x86

Version: 0.0.3
Check: Rd \usage sections
Result: NOTE
    prtconf: devinfo facility not available
    prtconf: devinfo facility not available
    The \usage entries for S3 methods should use the \method markup and not
    their full name.
    See chapter ‘Writing R documentation files’ in the ‘Writing R
    Extensions’ manual.
Flavor: r-patched-solaris-x86

Version: 0.0.3
Check: examples
Result: ERROR
    Running examples in ‘raveio-Ex.R’ failed
    The error most likely occurred in:
    
    > ### Name: LazyFST
    > ### Title: R6 Class to Load 'fst' Files
    > ### Aliases: LazyFST
    >
    > ### ** Examples
    >
    >
    > # Data to save, total 8 MB
    > x <- matrix(rnorm(1000000), ncol = 100)
    >
    > # Save to local disk
    > f <- tempfile()
    > fst::write_fst(as.data.frame(x), path = f)
    >
    > # Load via LazyFST
    > dat <- LazyFST$new(file_path = f, dims = c(10000, 100))
    >
    > # dat < 1 MB
    > pryr::object_size(dat)
    22.7 kB
    >
    > # Check whether the data is identical
    > range(dat[] - x)
    
     *** caught segfault ***
    address cf2a000, cause 'memory not mapped'
    
     *** caught segfault ***
    address cf2d90c, cause 'memory not mapped'
    
    Traceback:
     1: fstretrieve(file_name, columns, from, to)
     2: fst::read_fst(path, ..., as.data.table = as.data.table)
     3: doTryCatch(return(expr), name, parentenv, handler)
     4: tryCatchOne(expr, names, parentenv, handlers[[1L]])
     5: tryCatchList(expr, classes, parentenv, handlers)
     6: tryCatch({ fst::read_fst(path, ..., as.data.table = as.data.table)}, error = function(e) { stop("FST load failure: ", path)})
     7: load_fst(private$file_path, columns = col_names)
     8: as.matrix(load_fst(private$file_path, columns = col_names))
     9: obj$subset(i, j, ..., drop = drop)
    10: `[.LazyFST`(dat, )
    11: dat[]
    An irrecoverable exception occurred. R is aborting now ...
    
    Traceback:
     1: fstretrieve(file_name, columns, from, to)
     2: fst::read_fst(path, ..., as.data.table = as.data.table)
     3: doTryCatch(return(expr), name, parentenv, handler)
     4: tryCatchOne(expr, names, parentenv, handlers[[1L]])
     5: tryCatchList(expr, classes, parentenv, handlers)
     6: tryCatch({ fst::read_fst(path, ..., as.data.table = as.data.table)}, error = function(e) { stop("FST load failure: ", path)})
     7: load_fst(private$file_path, columns = col_names)
     8: as.matrix(load_fst(private$file_path, columns = col_names))
     9: obj$subset(i, j, ..., drop = drop)
    10: `[.LazyFST`(dat, )
    11: dat[]
    An irrecoverable exception occurred. R is aborting now ...
Flavor: r-patched-solaris-x86

Version: 0.0.3
Check: dependencies in R code
Result: NOTE
    sh: sysctl: command not found
    sh: sysctl: command not found
Flavor: r-oldrel-macos-x86_64

Version: 0.0.3
Check: S3 generic/method consistency
Result: WARN
    sh: sysctl: command not found
    sh: sysctl: command not found
    See section ‘Generic functions and methods’ in the ‘Writing R
    Extensions’ manual.
Flavor: r-oldrel-macos-x86_64

Version: 0.0.3
Check: replacement functions
Result: WARN
    sh: sysctl: command not found
    sh: sysctl: command not found
    The argument of a replacement function which corresponds to the right
    hand side must be named ‘value’.
Flavor: r-oldrel-macos-x86_64

Version: 0.0.3
Check: foreign function calls
Result: NOTE
    sh: sysctl: command not found
    sh: sysctl: command not found
    See chapter ‘System and foreign language interfaces’ in the ‘Writing R
    Extensions’ manual.
Flavor: r-oldrel-macos-x86_64

Version: 0.0.3
Check: R code for possible problems
Result: NOTE
    sh: sysctl: command not found
    sh: sysctl: command not found
Flavor: r-oldrel-macos-x86_64

Version: 0.0.3
Check: for missing documentation entries
Result: WARN
    sh: sysctl: command not found
    sh: sysctl: command not found
    All user-level objects in a package should have documentation entries.
    See chapter ‘Writing R documentation files’ in the ‘Writing R
    Extensions’ manual.
Flavor: r-oldrel-macos-x86_64

Version: 0.0.3
Check: for code/documentation mismatches
Result: WARN
    sh: sysctl: command not found
    sh: sysctl: command not found
    sh: sysctl: command not found
    sh: sysctl: command not found
    sh: sysctl: command not found
    sh: sysctl: command not found
Flavor: r-oldrel-macos-x86_64

Version: 0.0.3
Check: Rd \usage sections
Result: NOTE
    sh: sysctl: command not found
    sh: sysctl: command not found
    The \usage entries for S3 methods should use the \method markup and not
    their full name.
    See chapter ‘Writing R documentation files’ in the ‘Writing R
    Extensions’ manual.
Flavor: r-oldrel-macos-x86_64