CRAN Package Check Results for Package rasterDT

Last updated on 2021-04-11 10:47:43 CEST.

Flavor Version Tinstall Tcheck Ttotal Status Flags
r-devel-linux-x86_64-debian-clang 0.3.1 10.71 118.91 129.62 NOTE
r-devel-linux-x86_64-debian-gcc 0.3.1 9.51 86.79 96.30 NOTE
r-devel-linux-x86_64-fedora-clang 0.3.1 159.54 NOTE
r-devel-linux-x86_64-fedora-gcc 0.3.1 145.02 NOTE
r-devel-windows-ix86+x86_64 0.3.1 20.00 91.00 111.00 NOTE
r-devel-windows-x86_64-gcc10-UCRT 0.3.1 NOTE
r-patched-linux-x86_64 0.3.1 9.36 108.63 117.99 OK
r-patched-solaris-x86 0.3.1 215.80 OK
r-release-linux-x86_64 0.3.1 11.58 108.21 119.79 OK
r-release-macos-x86_64 0.3.1 OK
r-release-windows-ix86+x86_64 0.3.1 19.00 136.00 155.00 OK
r-oldrel-macos-x86_64 0.3.1 OK
r-oldrel-windows-ix86+x86_64 0.3.1 22.00 98.00 120.00 OK

Check Details

Version: 0.3.1
Check: LazyData
Result: NOTE
     'LazyData' is specified without a 'data' directory
Flavors: r-devel-linux-x86_64-debian-clang, r-devel-linux-x86_64-debian-gcc, r-devel-linux-x86_64-fedora-clang, r-devel-linux-x86_64-fedora-gcc, r-devel-windows-ix86+x86_64, r-devel-windows-x86_64-gcc10-UCRT