CRAN Package Check Results for Package ralger

Last updated on 2021-01-20 09:49:57 CET.

Flavor Version Tinstall Tcheck Ttotal Status Flags
r-devel-linux-x86_64-debian-clang 2.2.1 4.24 62.41 66.65 OK
r-devel-linux-x86_64-debian-gcc 2.2.1 3.18 46.64 49.82 OK
r-devel-linux-x86_64-fedora-clang 2.2.1 85.39 NOTE
r-devel-linux-x86_64-fedora-gcc 2.2.1 73.18 NOTE
r-devel-windows-ix86+x86_64 2.2.1 10.00 95.00 105.00 OK
r-patched-linux-x86_64 2.2.1 4.90 59.65 64.55 OK
r-patched-solaris-x86 2.2.1 104.50 NOTE
r-release-linux-x86_64 2.2.1 4.74 60.08 64.82 OK
r-release-macos-x86_64 2.2.1 NOTE
r-release-windows-ix86+x86_64 2.2.1 9.00 95.00 104.00 OK
r-oldrel-macos-x86_64 2.2.1 ERROR
r-oldrel-windows-ix86+x86_64 2.2.1 7.00 91.00 98.00 OK

Check Details

Version: 2.2.1
Check: dependencies in R code
Result: NOTE
    Namespace in Imports field not imported from: ‘testthat’
     All declared Imports should be used.
Flavors: r-devel-linux-x86_64-fedora-clang, r-devel-linux-x86_64-fedora-gcc, r-patched-solaris-x86, r-release-macos-x86_64, r-oldrel-macos-x86_64

Version: 2.2.1
Check: tests
Result: ERROR
     Running ‘testthat.R’ [10s/37s]
    Running the tests in ‘tests/testthat.R’ failed.
    Last 13 lines of output:
     3. │ └─xml2::xml_text(x, trim = trim)
     4. ├─rvest::html_nodes(., "h1")
     5. ├─xml2::read_html(.)
     6. └─xml2:::read_html.default(.)
     7. ├─base::suppressWarnings(...)
     8. │ └─base::withCallingHandlers(expr, warning = function(w) invokeRestart("muffleWarning"))
     9. ├─xml2::read_xml(x, encoding = encoding, ..., as_html = TRUE, options = options)
     10. └─xml2:::read_xml.character(...)
     11. └─xml2:::read_xml.connection(...)
     12. ├─base::open(x, "rb")
     13. └─base::open.connection(x, "rb")
    
     [ FAIL 2 | WARN 0 | SKIP 0 | PASS 39 ]
     Error: Test failures
     Execution halted
Flavor: r-oldrel-macos-x86_64