CRAN Package Check Results for Package rNOMADS

Last updated on 2021-01-15 09:50:58 CET.

Flavor Version Tinstall Tcheck Ttotal Status Flags
r-devel-linux-x86_64-debian-clang 2.5.0 4.19 33.12 37.31 OK
r-devel-linux-x86_64-debian-gcc 2.5.0 3.30 25.81 29.11 OK
r-devel-linux-x86_64-fedora-clang 2.5.0 55.09 OK
r-devel-linux-x86_64-fedora-gcc 2.5.0 44.47 OK
r-devel-windows-ix86+x86_64 2.5.0 9.00 10.00 19.00 ERROR
r-patched-linux-x86_64 2.5.0 3.76 31.71 35.47 OK
r-patched-solaris-x86 2.5.0 65.30 OK
r-release-linux-x86_64 2.5.0 3.74 32.30 36.04 OK
r-release-macos-x86_64 2.5.0 OK
r-release-windows-ix86+x86_64 2.5.0 7.00 39.00 46.00 OK
r-oldrel-macos-x86_64 2.5.0 ERROR
r-oldrel-windows-ix86+x86_64 2.4.2 5.00 48.00 53.00 OK

Check Details

Version: 2.5.0
Check: whether package can be installed
Result: ERROR
    Installation failed.
    See for details.
    *
Flavor: r-devel-windows-ix86+x86_64

Version: 2.5.0
Check: whether package can be installed
Result: ERROR
    Installation failed.
Flavor: r-oldrel-macos-x86_64