CRAN Package Check Results for Package rGEDI

Last updated on 2021-01-22 22:48:52 CET.

Flavor Version Tinstall Tcheck Ttotal Status Flags
r-devel-linux-x86_64-debian-clang 0.1.11 31.41 164.26 195.67 OK
r-devel-linux-x86_64-debian-gcc 0.1.11 22.83 124.49 147.32 OK
r-devel-linux-x86_64-fedora-clang 0.1.11 242.65 NOTE
r-devel-linux-x86_64-fedora-gcc 0.1.11 234.87 NOTE
r-devel-windows-ix86+x86_64 0.1.11 83.00 322.00 405.00 NOTE
r-patched-linux-x86_64 0.1.11 27.66 151.53 179.19 OK
r-patched-solaris-x86 0.1.11 221.60 ERROR
r-release-macos-x86_64 0.1.11 ERROR
r-oldrel-macos-x86_64 0.1.11 ERROR
r-oldrel-windows-ix86+x86_64 0.1.11 68.00 288.00 356.00 NOTE

Check Details

Version: 0.1.11
Check: dependencies in R code
Result: NOTE
    Namespaces in Imports field not imported from:
     ‘rgdal’ ‘rgeos’
     All declared Imports should be used.
Flavors: r-devel-linux-x86_64-fedora-clang, r-devel-linux-x86_64-fedora-gcc, r-patched-solaris-x86

Version: 0.1.11
Check: installed package size
Result: NOTE
     installed size is 9.8Mb
     sub-directories of 1Mb or more:
     extdata 2.8Mb
     libs 6.5Mb
Flavors: r-devel-windows-ix86+x86_64, r-oldrel-windows-ix86+x86_64

Version: 0.1.11
Check: examples
Result: ERROR
    Running examples in ‘rGEDI-Ex.R’ failed
    The error most likely occurred in:
    
    > ### Name: clipLevel1BGeo
    > ### Title: Clip GEDI Full Waveform Geolocations by Coordinates
    > ### Aliases: clipLevel1BGeo
    >
    > ### ** Examples
    >
    > # Specifying the path to GEDI level1B data (zip file)
    > outdir = tempdir()
    > level1B_fp_zip <- system.file("extdata",
    + "GEDI01_B_2019108080338_O01964_T05337_02_003_01_sub.zip",
    + package="rGEDI")
    >
    > # Unzipping GEDI level1B data
    > level1Bpath <- unzip(level1B_fp_zip,exdir = outdir)
    >
    > # Reading GEDI level1B data (h5 file)
    > level1b<-readLevel1B(level1Bpath=level1Bpath)
    >
    > # Extracting GEDI Full Waveform Geolocations
    > level1bGeo<-getLevel1BGeo(level1b)
    
     |
     | | 0%
     |
     |= | 2%Error in self$read_low_level(file_space = self_space_id, mem_space = mem_space_id, :
     HDF5-API Errors:
     error #000: H5T.c in H5Tget_class(): line 1876: not a datatype
     class: HDF5
     major: Invalid arguments to routine
     minor: Inappropriate type
    Calls: getLevel1BGeo ... assign -> [ -> [.H5D -> <Anonymous> -> <Anonymous> -> .Call
    Execution halted
Flavor: r-patched-solaris-x86

Version: 0.1.11
Check: whether package can be installed
Result: ERROR
    Installation failed.
Flavors: r-release-macos-x86_64, r-oldrel-macos-x86_64