CRAN Package Check Results for Package questionr

Last updated on 2024-02-27 21:48:35 CET.

Flavor Version Tinstall Tcheck Ttotal Status Flags
r-devel-linux-x86_64-debian-clang 0.7.8 9.70 89.84 99.54 OK
r-devel-linux-x86_64-debian-gcc 0.7.8 7.68 66.47 74.15 OK
r-devel-linux-x86_64-fedora-clang 0.7.8 123.86 NOTE
r-devel-linux-x86_64-fedora-gcc 0.7.8 130.52 NOTE
r-devel-windows-x86_64 0.7.8 9.00 97.00 106.00 OK
r-patched-linux-x86_64 0.7.8 8.07 84.61 92.68 OK
r-release-linux-x86_64 0.7.8 6.23 85.04 91.27 OK
r-release-macos-arm64 0.7.8 50.00 OK
r-release-macos-x86_64 0.7.8 67.00 NOTE
r-release-windows-x86_64 0.7.8 12.00 110.00 122.00 OK
r-oldrel-macos-arm64 0.7.8 39.00 OK
r-oldrel-windows-x86_64 0.7.8 13.00 115.00 128.00 OK

Check Details

Version: 0.7.8
Check: data for non-ASCII characters
Result: NOTE Note: found 8504 marked UTF-8 strings Flavors: r-devel-linux-x86_64-fedora-clang, r-devel-linux-x86_64-fedora-gcc

Version: 0.7.8
Check: package dependencies
Result: NOTE Package suggested but not available for checking: ‘survey’ Flavor: r-release-macos-x86_64

Version: 0.7.8
Check: Rd cross-references
Result: NOTE Package unavailable to check Rd xrefs: ‘survey’ Flavor: r-release-macos-x86_64