CRAN Package Check Results for Package quantspec

Last updated on 2021-01-15 09:50:56 CET.

Flavor Version Tinstall Tcheck Ttotal Status Flags
r-devel-linux-x86_64-debian-clang 1.2-3 37.41 180.85 218.26 OK
r-devel-linux-x86_64-debian-gcc 1.2-3 27.44 137.09 164.53 OK
r-devel-linux-x86_64-fedora-clang 1.2-3 294.75 OK
r-devel-linux-x86_64-fedora-gcc 1.2-3 263.49 OK
r-devel-windows-ix86+x86_64 1.2-3 89.00 319.00 408.00 OK
r-patched-linux-x86_64 1.2-3 30.72 170.59 201.31 OK
r-patched-solaris-x86 1.2-3 344.80 OK
r-release-linux-x86_64 1.2-3 32.14 164.58 196.72 WARN
r-release-macos-x86_64 1.2-3 OK
r-release-windows-ix86+x86_64 1.2-3 72.00 253.00 325.00 OK
r-oldrel-macos-x86_64 1.2-3 OK
r-oldrel-windows-ix86+x86_64 1.2-3 58.00 199.00 257.00 OK

Check Details

Version: 1.2-3
Check: re-building of vignette outputs
Result: WARN
    Error(s) in re-building vignettes:
     ...
    --- re-building ‘quantspec.Rnw’ using Sweave
    Loading required package: stats4
    
    Attaching package: ‘zoo’
    
    The following objects are masked from ‘package:base’:
    
     as.Date, as.Date.numeric
    
    Error: processing vignette 'quantspec.Rnw' failed with diagnostics:
    Running ‘texi2dvi’ on ‘quantspec.tex’ failed.
    LaTeX errors:
    ! Undefined control sequence.
    <recently read> \Hy@colorlink
    
    l.96 \begin{document}
    
    ! Undefined control sequence.
    \close@pdflink ->\Hy@endcolorlink
     \Hy@VerboseLinkStop \pdfendlink
    l.96 \begin{document}
    
    ! Undefined control sequence.
    <recently read> \Hy@colorlink
    
    l.96 \begin{document}
    
    ! Undefined control sequence.
    \close@pdflink ->\Hy@endcolorlink
     \Hy@VerboseLinkStop \pdfendlink
    l.96 \begin{document}
    
    ! Undefined control sequence.
    <recently read> \Hy@colorlink
    
    l.96 \begin{document}
    
    ! Undefined control sequence.
    \close@pdflink ->\Hy@endcolorlink
     \Hy@VerboseLinkStop \pdfendlink
    l.96 \begin{document}
    
    ! Undefined control sequence.
    <recently read> \Hy@colorlink
    
    l.96 \begin{document}
    
    ! Undefined control sequence.
    \close@pdflink ->\Hy@endcolorlink
     \Hy@VerboseLinkStop \pdfendlink
    l.96 \begin{document}
    
    --- failed re-building ‘quantspec.Rnw’
    
    SUMMARY: processing the following file failed:
     ‘quantspec.Rnw’
    
    Error: Vignette re-building failed.
    Execution halted
Flavor: r-release-linux-x86_64