Last updated on 2021-01-20 22:48:23 CET.
Flavor | Version | Tinstall | Tcheck | Ttotal | Status | Flags |
---|---|---|---|---|---|---|
r-devel-linux-x86_64-debian-clang | 0.24 | 841.14 | 220.52 | 1061.66 | OK | |
r-devel-linux-x86_64-debian-gcc | 0.24 | 524.02 | 168.66 | 692.68 | OK | |
r-devel-linux-x86_64-fedora-clang | 0.24 | 1500.16 | NOTE | |||
r-devel-linux-x86_64-fedora-gcc | 0.24 | 1315.70 | OK | |||
r-devel-windows-ix86+x86_64 | 0.24 | 1385.00 | 391.00 | 1776.00 | NOTE | |
r-patched-linux-x86_64 | 0.24 | 634.54 | 210.77 | 845.31 | OK | |
r-patched-solaris-x86 | 0.24 | 1097.30 | NOTE | |||
r-release-linux-x86_64 | 0.24 | 631.47 | 208.49 | 839.96 | OK | |
r-release-macos-x86_64 | 0.24 | NOTE | ||||
r-release-windows-ix86+x86_64 | 0.24 | 1309.00 | 467.00 | 1776.00 | NOTE | |
r-oldrel-macos-x86_64 | 0.24 | NOTE | ||||
r-oldrel-windows-ix86+x86_64 | 0.24 | 1276.00 | 308.00 | 1584.00 | NOTE |
Version: 0.24
Check: installed package size
Result: NOTE
installed size is 50.6Mb
sub-directories of 1Mb or more:
extdata 3.3Mb
libs 46.0Mb
Flavors: r-devel-linux-x86_64-fedora-clang, r-devel-windows-ix86+x86_64, r-patched-solaris-x86, r-release-macos-x86_64, r-release-windows-ix86+x86_64, r-oldrel-macos-x86_64, r-oldrel-windows-ix86+x86_64
Version: 0.24
Check: R code for possible problems
Result: NOTE
plot_genes : plot_genes_internal: no visible global function definition
for ‘plot’
plot_onegeno : plot_onegeno_internal: no visible global function
definition for ‘plot’
plot_peaks : plot_peaks_internal: no visible global function definition
for ‘plot’
plot_pxg : plot_pxg_internal: no visible global function definition for
‘plot’
plot_scan1 : plot_scan1_internal: no visible global function definition
for ‘plot’
Undefined global functions or variables:
plot
Consider adding
importFrom("graphics", "plot")
to your NAMESPACE file.
Flavors: r-oldrel-macos-x86_64, r-oldrel-windows-ix86+x86_64