CRAN Package Check Results for Package ptmixed

Last updated on 2021-01-15 09:50:56 CET.

Flavor Version Tinstall Tcheck Ttotal Status Flags
r-devel-linux-x86_64-debian-clang 1.0.2 4.50 331.72 336.22 OK
r-devel-linux-x86_64-debian-gcc 1.0.2 3.36 246.41 249.77 OK
r-devel-linux-x86_64-fedora-clang 1.0.2 405.68 OK
r-devel-linux-x86_64-fedora-gcc 1.0.2 392.66 OK
r-devel-windows-ix86+x86_64 1.0.2 9.00 11.00 20.00 ERROR
r-patched-linux-x86_64 1.0.2 4.35 344.62 348.97 OK
r-patched-solaris-x86 1.0.2 418.20 OK
r-release-linux-x86_64 1.0.2 4.48 348.70 353.18 OK
r-release-macos-x86_64 1.0.2 ERROR
r-release-windows-ix86+x86_64 1.0.2 6.00 326.00 332.00 OK
r-oldrel-macos-x86_64 1.0.2 ERROR
r-oldrel-windows-ix86+x86_64 1.0.2 6.00 421.00 427.00 OK

Check Details

Version: 1.0.2
Check: whether package can be installed
Result: ERROR
    Installation failed.
Flavor: r-devel-windows-ix86+x86_64

Version: 1.0.2
Check: package dependencies
Result: ERROR
    Package required but not available: ‘tweeDEseq’
    
    See section ‘The DESCRIPTION file’ in the ‘Writing R Extensions’
    manual.
Flavors: r-release-macos-x86_64, r-oldrel-macos-x86_64