CRAN Package Check Results for Package pspline

Last updated on 2021-04-11 10:47:42 CEST.

Flavor Version Tinstall Tcheck Ttotal Status Flags
r-devel-linux-x86_64-debian-clang 1.0-18 3.65 21.40 25.05 NOTE
r-devel-linux-x86_64-debian-gcc 1.0-18 2.91 17.12 20.03 NOTE
r-devel-linux-x86_64-fedora-clang 1.0-18 41.77 NOTE
r-devel-linux-x86_64-fedora-gcc 1.0-18 28.93 NOTE
r-devel-windows-ix86+x86_64 1.0-18 10.00 38.00 48.00 OK
r-devel-windows-x86_64-gcc10-UCRT 1.0-18 OK
r-patched-linux-x86_64 1.0-18 3.94 20.87 24.81 NOTE
r-patched-solaris-x86 1.0-18 47.30 OK
r-release-linux-x86_64 1.0-18 3.50 20.85 24.35 NOTE
r-release-macos-x86_64 1.0-18 OK
r-release-windows-ix86+x86_64 1.0-18 9.00 33.00 42.00 OK
r-oldrel-macos-x86_64 1.0-18 OK
r-oldrel-windows-ix86+x86_64 1.0-18 10.00 48.00 58.00 OK

Check Details

Version: 1.0-18
Check: top-level files
Result: NOTE
    Non-standard file/directory found at top level:
     'orig'
Flavors: r-devel-linux-x86_64-debian-clang, r-devel-linux-x86_64-debian-gcc, r-devel-linux-x86_64-fedora-clang, r-devel-linux-x86_64-fedora-gcc, r-patched-linux-x86_64, r-release-linux-x86_64