CRAN Package Check Results for Package psd

Last updated on 2021-03-06 09:52:12 CET.

Flavor Version Tinstall Tcheck Ttotal Status Flags
r-devel-linux-x86_64-debian-clang 2.1.0 47.35 93.79 141.14 OK
r-devel-linux-x86_64-debian-gcc 2.1.0 35.20 71.86 107.06 OK
r-devel-linux-x86_64-fedora-clang 2.1.0 194.43 NOTE
r-devel-linux-x86_64-fedora-gcc 2.1.0 176.02 OK
r-devel-windows-ix86+x86_64 2.1.0 108.00 216.00 324.00 OK
r-patched-linux-x86_64 2.1.0 OK
r-patched-solaris-x86 2.1.0 205.70 OK
r-release-linux-x86_64 2.1.0 40.95 90.92 131.87 OK
r-release-macos-x86_64 2.1.0 NOTE
r-release-windows-ix86+x86_64 2.1.0 81.00 217.00 298.00 OK
r-oldrel-macos-x86_64 2.1.0 NOTE
r-oldrel-windows-ix86+x86_64 2.1.0 71.00 215.00 286.00 OK

Check Details

Version: 2.1.0
Check: installed package size
Result: NOTE
     installed size is 5.2Mb
     sub-directories of 1Mb or more:
     doc 1.8Mb
     libs 2.7Mb
Flavors: r-devel-linux-x86_64-fedora-clang, r-release-macos-x86_64, r-oldrel-macos-x86_64