CRAN Package Check Results for Package promises

Last updated on 2021-01-24 09:49:15 CET.

Flavor Version Tinstall Tcheck Ttotal Status Flags
r-devel-linux-x86_64-debian-clang 1.1.1 20.84 44.04 64.88 OK
r-devel-linux-x86_64-debian-gcc 1.1.1 12.52 34.71 47.23 OK
r-devel-linux-x86_64-fedora-clang 1.1.1 92.75 NOTE
r-devel-linux-x86_64-fedora-gcc 1.1.1 79.72 OK
r-devel-windows-ix86+x86_64 1.1.1 48.00 115.00 163.00 OK
r-patched-linux-x86_64 1.1.1 16.85 42.91 59.76 OK
r-patched-solaris-x86 1.1.1 94.10 OK
r-release-linux-x86_64 1.1.1 16.75 42.98 59.73 OK
r-release-macos-x86_64 1.1.1 OK
r-release-windows-ix86+x86_64 1.1.1 51.00 141.00 192.00 OK
r-oldrel-macos-x86_64 1.1.1 OK
r-oldrel-windows-ix86+x86_64 1.1.1 36.00 135.00 171.00 OK

Check Details

Version: 1.1.1
Check: Rd cross-references
Result: NOTE
    Undeclared package ‘purrr’ in Rd xrefs
Flavor: r-devel-linux-x86_64-fedora-clang