Last updated on 2021-01-16 22:55:51 CET.
Flavor | Version | Tinstall | Tcheck | Ttotal | Status | Flags |
---|---|---|---|---|---|---|
r-devel-linux-x86_64-debian-clang | 1.0-10 | 5.39 | 22.02 | 27.41 | OK | |
r-devel-linux-x86_64-debian-gcc | 1.0-10 | 3.47 | 17.70 | 21.17 | OK | |
r-devel-linux-x86_64-fedora-clang | 1.0-10 | 42.50 | NOTE | |||
r-devel-linux-x86_64-fedora-gcc | 1.0-10 | 32.08 | NOTE | |||
r-devel-windows-ix86+x86_64 | 1.0-10 | 7.00 | 34.00 | 41.00 | OK | |
r-patched-linux-x86_64 | 1.0-10 | 4.32 | 21.30 | 25.62 | OK | |
r-patched-solaris-x86 | 1.0-10 | 42.30 | OK | |||
r-release-linux-x86_64 | 1.0-10 | 4.07 | 21.70 | 25.77 | OK | |
r-release-macos-x86_64 | 1.0-10 | ERROR | ||||
r-release-windows-ix86+x86_64 | 1.0-10 | 8.00 | 32.00 | 40.00 | OK | |
r-oldrel-macos-x86_64 | 1.0-10 | OK | ||||
r-oldrel-windows-ix86+x86_64 | 1.0-10 | 14.00 | 62.00 | 76.00 | OK |
Version: 1.0-10
Check: compiled code
Result: NOTE
File ‘proj4/libs/proj4.so’:
Found no calls to: ‘R_registerRoutines’, ‘R_useDynamicSymbols’
It is good practice to register native routines and to disable symbol
search.
See ‘Writing portable packages’ in the ‘Writing R Extensions’ manual.
Flavors: r-devel-linux-x86_64-fedora-clang, r-devel-linux-x86_64-fedora-gcc
Version: 1.0-10
Check: whether package can be installed
Result: ERROR
Installation failed.
Flavor: r-release-macos-x86_64