Last updated on 2021-03-08 09:47:50 CET.
Flavor | Version | Tinstall | Tcheck | Ttotal | Status | Flags |
---|---|---|---|---|---|---|
r-devel-linux-x86_64-debian-clang | 0.3.7 | 3.25 | 29.79 | 33.04 | OK | |
r-devel-linux-x86_64-debian-gcc | 0.3.7 | 2.31 | 23.56 | 25.87 | OK | |
r-devel-linux-x86_64-fedora-clang | 0.3.7 | 49.92 | OK | |||
r-devel-linux-x86_64-fedora-gcc | 0.3.7 | 39.03 | OK | |||
r-devel-windows-ix86+x86_64 | 0.3.7 | 13.00 | 45.00 | 58.00 | OK | |
r-devel-windows-x86_64-gcc10-UCRT | 0.3.7 | OK | ||||
r-patched-linux-x86_64 | 0.3.7 | 3.31 | 28.76 | 32.07 | OK | |
r-patched-solaris-x86 | 0.3.7 | 60.40 | OK | |||
r-release-linux-x86_64 | 0.3.7 | 3.15 | 28.82 | 31.97 | OK | |
r-release-macos-x86_64 | 0.3.7 | OK | ||||
r-release-windows-ix86+x86_64 | 0.3.7 | 10.00 | 43.00 | 53.00 | OK | |
r-oldrel-macos-x86_64 | 0.3.7 | WARN | ||||
r-oldrel-windows-ix86+x86_64 | 0.3.7 | 7.00 | 44.00 | 51.00 | WARN |
Version: 0.3.7
Check: whether package can be installed
Result: WARN
Found the following significant warnings:
Note: possible error in 'Rprof(prof_output, interval = interval, ': unused argument (filter.callframes = simplify)
See ‘/Volumes/SSD-Data/Builds/R-dev-web/QA/Simon/packages/el-capitan-x86_64/results/3.6/profvis.Rcheck/00install.out’ for details.
Information on the location(s) of code generating the ‘Note’s can be
obtained by re-running with environment variable R_KEEP_PKG_SOURCE set
to ‘yes’.
Flavor: r-oldrel-macos-x86_64
Version: 0.3.7
Check: R code for possible problems
Result: NOTE
profvis: possible error in Rprof(prof_output, interval = interval,
line.profiling = TRUE, gc.profiling = TRUE, memory.profiling = TRUE,
filter.callframes = simplify): unused argument (filter.callframes =
simplify)
Flavors: r-oldrel-macos-x86_64, r-oldrel-windows-ix86+x86_64
Version: 0.3.7
Check: whether package can be installed
Result: WARN
Found the following significant warnings:
Note: possible error in 'Rprof(prof_output, interval = interval, ': unused argument (filter.callframes = simplify)
See 'd:/Rcompile/CRANpkg/local/3.6/profvis.Rcheck/00install.out' for details.
Information on the location(s) of code generating the 'Note's can be
obtained by re-running with environment variable R_KEEP_PKG_SOURCE set
to 'yes'.
Flavor: r-oldrel-windows-ix86+x86_64