Last updated on 2021-02-26 09:49:27 CET.
Flavor | Version | Tinstall | Tcheck | Ttotal | Status | Flags |
---|---|---|---|---|---|---|
r-devel-linux-x86_64-debian-clang | 0.3.1 | 4.74 | 60.42 | 65.16 | OK | |
r-devel-linux-x86_64-debian-gcc | 0.3.1 | 4.56 | 45.51 | 50.07 | OK | |
r-devel-linux-x86_64-fedora-clang | 0.3.1 | 89.15 | OK | |||
r-devel-linux-x86_64-fedora-gcc | 0.3.1 | 78.37 | OK | |||
r-devel-windows-ix86+x86_64 | 0.3.1 | 9.00 | 63.00 | 72.00 | OK | |
r-patched-linux-x86_64 | 0.3.1 | 5.95 | 57.21 | 63.16 | OK | |
r-patched-solaris-x86 | 0.3.1 | 102.10 | OK | |||
r-release-linux-x86_64 | 0.3.1 | 6.33 | 57.63 | 63.96 | OK | |
r-release-macos-x86_64 | 0.3.1 | OK | ||||
r-release-windows-ix86+x86_64 | 0.3.1 | 31.00 | 15.00 | 46.00 | ERROR | |
r-oldrel-macos-x86_64 | 0.3.1 | OK | ||||
r-oldrel-windows-ix86+x86_64 | 0.3.1 | 8.00 | 85.00 | 93.00 | OK |
Version: 0.3.1
Check: whether package can be installed
Result: ERROR
Installation failed.
See 'd:/Rcompile/CRANpkg/local/4.0/probhat.Rcheck/00install.out' for details.
*
Flavor: r-release-windows-ix86+x86_64