CRAN Package Check Results for Package prioGene

Last updated on 2021-01-20 09:49:56 CET.

Flavor Version Tinstall Tcheck Ttotal Status Flags
r-devel-linux-x86_64-debian-clang 1.0.1 16.22 153.57 169.79 OK
r-devel-linux-x86_64-debian-gcc 1.0.1 14.62 117.62 132.24 OK
r-devel-linux-x86_64-fedora-clang 1.0.1 210.18 OK
r-devel-linux-x86_64-fedora-gcc 1.0.1 206.09 OK
r-devel-windows-ix86+x86_64 1.0.1 31.00 150.00 181.00 OK
r-patched-linux-x86_64 1.0.1 17.10 142.19 159.29 OK
r-patched-solaris-x86 1.0.1 287.30 OK
r-release-linux-x86_64 1.0.1 17.88 141.85 159.73 OK
r-release-macos-x86_64 1.0.1 OK
r-release-windows-ix86+x86_64 1.0.1 33.00 143.00 176.00 OK
r-oldrel-macos-x86_64 1.0.1 ERROR
r-oldrel-windows-ix86+x86_64 1.0.1 26.00 122.00 148.00 OK

Check Details

Version: 1.0.1
Check: package dependencies
Result: ERROR
    Package required but not available: ‘org.Hs.eg.db’
    
    See section ‘The DESCRIPTION file’ in the ‘Writing R Extensions’
    manual.
Flavor: r-oldrel-macos-x86_64