CRAN Package Check Results for Package prettifyAddins

Last updated on 2021-01-15 09:50:56 CET.

Flavor Version Tinstall Tcheck Ttotal Status Flags
r-devel-linux-x86_64-debian-clang 2.0.3 5.94 48.28 54.22 OK
r-devel-linux-x86_64-debian-gcc 2.0.3 4.66 37.76 42.42 OK
r-devel-linux-x86_64-fedora-clang 2.0.3 80.12 OK
r-devel-linux-x86_64-fedora-gcc 2.0.3 67.28 OK
r-devel-windows-ix86+x86_64 2.0.3 15.00 15.00 30.00 ERROR
r-patched-linux-x86_64 2.0.3 5.00 46.17 51.17 OK
r-patched-solaris-x86 2.0.3 103.60 OK
r-release-linux-x86_64 2.0.3 6.33 46.03 52.36 OK
r-release-macos-x86_64 2.0.3 OK
r-release-windows-ix86+x86_64 2.0.3 12.00 55.00 67.00 OK
r-oldrel-macos-x86_64 2.0.3 OK
r-oldrel-windows-ix86+x86_64 2.0.3 9.00 49.00 58.00 OK

Check Details

Version: 2.0.3
Check: whether package ‘prettifyAddins’
Result: ERROR
    
    *
Flavor: r-devel-windows-ix86+x86_64