Last updated on 2021-03-06 09:52:11 CET.
Flavor | Version | Tinstall | Tcheck | Ttotal | Status | Flags |
---|---|---|---|---|---|---|
r-devel-linux-x86_64-debian-clang | 1.1.0 | 165.77 | 151.90 | 317.67 | NOTE | |
r-devel-linux-x86_64-debian-gcc | 1.1.0 | 120.92 | 112.51 | 233.43 | NOTE | |
r-devel-linux-x86_64-fedora-clang | 1.1.0 | 608.59 | NOTE | |||
r-devel-linux-x86_64-fedora-gcc | 1.1.0 | 599.15 | OK | |||
r-devel-windows-ix86+x86_64 | 1.1.0 | 299.00 | 189.00 | 488.00 | NOTE | |
r-patched-linux-x86_64 | 1.1.0 | NOTE | ||||
r-patched-solaris-x86 | 1.1.0 | 393.90 | NOTE | |||
r-release-linux-x86_64 | 1.1.0 | 134.27 | 138.60 | 272.87 | NOTE | |
r-release-macos-x86_64 | 1.1.0 | NOTE | ||||
r-release-windows-ix86+x86_64 | 1.1.0 | 281.00 | 182.00 | 463.00 | NOTE | |
r-oldrel-macos-x86_64 | 1.1.0 | NOTE | ||||
r-oldrel-windows-ix86+x86_64 | 1.1.0 | 253.00 | 171.00 | 424.00 | NOTE |
Version: 1.1.0
Check: package dependencies
Result: NOTE
Package suggested but not available for checking: 'INLA'
Flavors: r-devel-linux-x86_64-debian-clang, r-devel-linux-x86_64-debian-gcc, r-patched-linux-x86_64, r-patched-solaris-x86, r-release-linux-x86_64, r-release-macos-x86_64, r-oldrel-macos-x86_64
Version: 1.1.0
Check: installed package size
Result: NOTE
installed size is 16.3Mb
sub-directories of 1Mb or more:
doc 2.0Mb
libs 13.7Mb
Flavors: r-devel-linux-x86_64-fedora-clang, r-devel-windows-ix86+x86_64, r-release-macos-x86_64, r-release-windows-ix86+x86_64, r-oldrel-macos-x86_64, r-oldrel-windows-ix86+x86_64