CRAN Package Check Results for Package ph2bye

Last updated on 2021-02-26 09:49:26 CET.

Flavor Version Tinstall Tcheck Ttotal Status Flags
r-devel-linux-x86_64-debian-clang 0.1.4 20.03 47.40 67.43 NOTE
r-devel-linux-x86_64-debian-gcc 0.1.4 12.15 30.31 42.46 NOTE
r-devel-linux-x86_64-fedora-clang 0.1.4 90.35 NOTE
r-devel-linux-x86_64-fedora-gcc 0.1.4 66.70 NOTE
r-devel-windows-ix86+x86_64 0.1.4 32.00 71.00 103.00 OK
r-patched-linux-x86_64 0.1.4 12.77 36.55 49.32 NOTE
r-patched-solaris-x86 0.1.4 87.00 NOTE
r-release-linux-x86_64 0.1.4 13.96 36.95 50.91 NOTE
r-release-macos-x86_64 0.1.4 OK
r-release-windows-ix86+x86_64 0.1.4 47.00 95.00 142.00 OK
r-oldrel-macos-x86_64 0.1.4 OK
r-oldrel-windows-ix86+x86_64 0.1.4 31.00 100.00 131.00 OK

Check Details

Version: 0.1.4
Check: for non-standard things in the check directory
Result: NOTE
    Found the following files/directories:
     'animation.gif'
Flavors: r-devel-linux-x86_64-debian-clang, r-devel-linux-x86_64-debian-gcc, r-devel-linux-x86_64-fedora-clang, r-devel-linux-x86_64-fedora-gcc, r-patched-linux-x86_64, r-patched-solaris-x86, r-release-linux-x86_64

Version: 0.1.4
Check: compiled code
Result: NOTE
    File ‘ph2bye/libs/ph2bye.so’:
     Found no calls to: ‘R_registerRoutines’, ‘R_useDynamicSymbols’
    
    It is good practice to register native routines and to disable symbol
    search.
    
    See ‘Writing portable packages’ in the ‘Writing R Extensions’ manual.
Flavors: r-devel-linux-x86_64-fedora-clang, r-devel-linux-x86_64-fedora-gcc