CRAN Package Check Results for Package penaltyLearning

Last updated on 2021-01-15 09:50:55 CET.

Flavor Version Tinstall Tcheck Ttotal Status Flags
r-devel-linux-x86_64-debian-clang 2020.5.13 8.60 97.35 105.95 OK
r-devel-linux-x86_64-debian-gcc 2020.5.13 6.05 67.85 73.90 OK
r-devel-linux-x86_64-fedora-clang 2020.5.13 130.72 OK
r-devel-linux-x86_64-fedora-gcc 2020.5.13 113.71 OK
r-devel-windows-ix86+x86_64 2020.5.13 23.00 13.00 36.00 ERROR
r-patched-linux-x86_64 2020.5.13 7.62 84.50 92.12 OK
r-patched-solaris-x86 2020.5.13 162.30 OK
r-release-linux-x86_64 2020.5.13 6.74 84.62 91.36 OK
r-release-macos-x86_64 2020.5.13 OK
r-release-windows-ix86+x86_64 2020.5.13 19.00 137.00 156.00 OK
r-oldrel-macos-x86_64 2020.5.13 OK
r-oldrel-windows-ix86+x86_64 2020.5.13 12.00 118.00 130.00 OK

Check Details

Version: 2020.5.13
Check: whether package can be installed
Result: ERROR
    Installation failed.
    See for details.
    *
Flavor: r-devel-windows-ix86+x86_64