Last updated on 2021-04-11 10:47:41 CEST.
Flavor | Version | Tinstall | Tcheck | Ttotal | Status | Flags |
---|---|---|---|---|---|---|
r-devel-linux-x86_64-debian-clang | 1.7 | 11.95 | 78.44 | 90.39 | OK | |
r-devel-linux-x86_64-debian-gcc | 1.7 | 8.47 | 58.21 | 66.68 | OK | |
r-devel-linux-x86_64-fedora-clang | 1.7 | 117.73 | NOTE | |||
r-devel-linux-x86_64-fedora-gcc | 1.7 | 104.10 | NOTE | |||
r-devel-windows-ix86+x86_64 | 1.7 | 15.00 | 67.00 | 82.00 | OK | |
r-devel-windows-x86_64-gcc10-UCRT | 1.7 | NOTE | ||||
r-patched-linux-x86_64 | 1.7 | 10.23 | 73.09 | 83.32 | OK | |
r-patched-solaris-x86 | 1.7 | 149.40 | NOTE | |||
r-release-linux-x86_64 | 1.7 | 10.97 | 72.94 | 83.91 | OK | |
r-release-macos-x86_64 | 1.7 | NOTE | ||||
r-release-windows-ix86+x86_64 | 1.7 | 20.00 | 99.00 | 119.00 | OK | |
r-oldrel-macos-x86_64 | 1.7 | NOTE | ||||
r-oldrel-windows-ix86+x86_64 | 1.7 | 16.00 | 90.00 | 106.00 | OK |
Version: 1.7
Check: dependencies in R code
Result: NOTE
Namespaces in Imports field not imported from:
‘car’ ‘sandwich’
All declared Imports should be used.
Flavors: r-devel-linux-x86_64-fedora-clang, r-devel-linux-x86_64-fedora-gcc, r-devel-windows-x86_64-gcc10-UCRT, r-patched-solaris-x86, r-release-macos-x86_64, r-oldrel-macos-x86_64