CRAN Package Check Results for Package pcr

Last updated on 2021-01-15 09:50:55 CET.

Flavor Version Tinstall Tcheck Ttotal Status Flags
r-devel-linux-x86_64-debian-clang 1.2.2 4.57 64.53 69.10 OK
r-devel-linux-x86_64-debian-gcc 1.2.2 3.29 46.28 49.57 OK
r-devel-linux-x86_64-fedora-clang 1.2.2 88.22 OK
r-devel-linux-x86_64-fedora-gcc 1.2.2 78.31 OK
r-devel-windows-ix86+x86_64 1.2.2 13.00 9.00 22.00 ERROR
r-patched-linux-x86_64 1.2.2 4.66 58.96 63.62 OK
r-patched-solaris-x86 1.2.2 109.80 OK
r-release-linux-x86_64 1.2.2 4.09 58.78 62.87 OK
r-release-macos-x86_64 1.2.2 OK
r-release-windows-ix86+x86_64 1.2.2 10.00 67.00 77.00 OK
r-oldrel-macos-x86_64 1.2.2 OK
r-oldrel-windows-ix86+x86_64 1.2.2 6.00 63.00 69.00 OK

Check Details

Version: 1.2.2
Check: whether package can be installed
Result: ERROR
    Installation failed.
Flavor: r-devel-windows-ix86+x86_64