Last updated on 2021-01-20 09:49:55 CET.
Flavor | Version | Tinstall | Tcheck | Ttotal | Status | Flags |
---|---|---|---|---|---|---|
r-devel-linux-x86_64-debian-clang | 0.1.1 | 47.09 | 267.39 | 314.48 | OK | |
r-devel-linux-x86_64-debian-gcc | 0.1.1 | 32.16 | 193.62 | 225.78 | OK | |
r-devel-linux-x86_64-fedora-clang | 0.1.1 | 380.32 | NOTE | |||
r-devel-linux-x86_64-fedora-gcc | 0.1.1 | 373.43 | OK | |||
r-devel-windows-ix86+x86_64 | 0.1.1 | 36.00 | 223.00 | 259.00 | OK | |
r-patched-linux-x86_64 | 0.1.1 | 45.67 | 246.22 | 291.89 | OK | |
r-patched-solaris-x86 | 0.1.1 | 442.40 | OK | |||
r-release-linux-x86_64 | 0.1.1 | 46.63 | 247.31 | 293.94 | OK | |
r-release-macos-x86_64 | 0.1.1 | OK | ||||
r-release-windows-ix86+x86_64 | 0.1.1 | 43.00 | 212.00 | 255.00 | OK | |
r-oldrel-macos-x86_64 | 0.1.1 | OK | ||||
r-oldrel-windows-ix86+x86_64 | 0.1.1 | 35.00 | 197.00 | 232.00 | OK |
Version: 0.1.1
Check: Rd cross-references
Result: NOTE
Undeclared package ‘spatstat’ in Rd xrefs
Flavor: r-devel-linux-x86_64-fedora-clang