Last updated on 2021-02-26 09:49:25 CET.
Flavor | Version | Tinstall | Tcheck | Ttotal | Status | Flags |
---|---|---|---|---|---|---|
r-devel-linux-x86_64-debian-clang | 1.0-9 | 7.70 | 73.44 | 81.14 | NOTE | |
r-devel-linux-x86_64-debian-gcc | 1.0-9 | 7.35 | 57.05 | 64.40 | NOTE | |
r-devel-linux-x86_64-fedora-clang | 1.0-9 | 108.99 | NOTE | |||
r-devel-linux-x86_64-fedora-gcc | 1.0-9 | 96.73 | NOTE | |||
r-devel-windows-ix86+x86_64 | 1.0-9 | 13.00 | 68.00 | 81.00 | NOTE | |
r-patched-linux-x86_64 | 1.0-9 | 6.90 | 69.37 | 76.27 | NOTE | |
r-patched-solaris-x86 | 1.0-9 | 144.80 | NOTE | |||
r-release-linux-x86_64 | 1.0-9 | 7.66 | 69.40 | 77.06 | NOTE | |
r-release-macos-x86_64 | 1.0-9 | NOTE | ||||
r-release-windows-ix86+x86_64 | 1.0-9 | 24.00 | 10.00 | 34.00 | ERROR | |
r-oldrel-macos-x86_64 | 1.0-9 | NOTE | ||||
r-oldrel-windows-ix86+x86_64 | 1.0-9 | 11.00 | 93.00 | 104.00 | NOTE |
Version: 1.0-9
Check: R code for possible problems
Result: NOTE
print.optimbase: no visible global function definition for 'str'
Undefined global functions or variables:
str
Consider adding
importFrom("utils", "str")
to your NAMESPACE file.
Flavors: r-devel-linux-x86_64-debian-clang, r-devel-linux-x86_64-debian-gcc, r-devel-linux-x86_64-fedora-clang, r-devel-linux-x86_64-fedora-gcc, r-devel-windows-ix86+x86_64, r-patched-linux-x86_64, r-patched-solaris-x86, r-release-linux-x86_64, r-release-macos-x86_64, r-oldrel-macos-x86_64, r-oldrel-windows-ix86+x86_64
Version: 1.0-9
Check: whether package can be installed
Result: ERROR
Installation failed.
Flavor: r-release-windows-ix86+x86_64