Last updated on 2021-01-16 22:55:50 CET.
Flavor | Version | Tinstall | Tcheck | Ttotal | Status | Flags |
---|---|---|---|---|---|---|
r-devel-linux-x86_64-debian-clang | 1.2.2 | 15.90 | 126.34 | 142.24 | OK | |
r-devel-linux-x86_64-debian-gcc | 1.2.2 | 12.67 | 96.16 | 108.83 | OK | |
r-devel-linux-x86_64-fedora-clang | 1.2.2 | 180.30 | NOTE | |||
r-devel-linux-x86_64-fedora-gcc | 1.2.2 | 171.75 | OK | |||
r-devel-windows-ix86+x86_64 | 1.2.2 | 33.00 | 143.00 | 176.00 | NOTE | |
r-patched-linux-x86_64 | 1.2.2 | 16.73 | 113.61 | 130.34 | OK | |
r-patched-solaris-x86 | 1.2.2 | 281.40 | NOTE | |||
r-release-linux-x86_64 | 1.2.2 | 12.96 | 114.21 | 127.17 | OK | |
r-release-macos-x86_64 | 1.2.2 | NOTE | ||||
r-release-windows-ix86+x86_64 | 1.2.2 | 38.00 | 127.00 | 165.00 | NOTE | |
r-oldrel-macos-x86_64 | 1.2.2 | NOTE | ||||
r-oldrel-windows-ix86+x86_64 | 1.2.2 | 36.00 | 200.00 | 236.00 | NOTE |
Version: 1.2.2
Check: installed package size
Result: NOTE
installed size is 9.4Mb
sub-directories of 1Mb or more:
extdata 9.0Mb
Flavors: r-devel-linux-x86_64-fedora-clang, r-devel-windows-ix86+x86_64, r-patched-solaris-x86, r-release-macos-x86_64, r-release-windows-ix86+x86_64, r-oldrel-macos-x86_64, r-oldrel-windows-ix86+x86_64