Last updated on 2021-02-26 09:49:25 CET.
Flavor | Version | Tinstall | Tcheck | Ttotal | Status | Flags |
---|---|---|---|---|---|---|
r-devel-linux-x86_64-debian-clang | 0.2-7 | 4.16 | 44.90 | 49.06 | NOTE | |
r-devel-linux-x86_64-debian-gcc | 0.2-7 | 2.94 | 36.01 | 38.95 | NOTE | |
r-devel-linux-x86_64-fedora-clang | 0.2-7 | 69.35 | NOTE | |||
r-devel-linux-x86_64-fedora-gcc | 0.2-7 | 57.03 | NOTE | |||
r-devel-windows-ix86+x86_64 | 0.2-7 | 9.00 | 48.00 | 57.00 | NOTE | |
r-patched-linux-x86_64 | 0.2-7 | 4.05 | 43.23 | 47.28 | NOTE | |
r-patched-solaris-x86 | 0.2-7 | 84.40 | NOTE | |||
r-release-linux-x86_64 | 0.2-7 | 4.09 | 42.86 | 46.95 | NOTE | |
r-release-macos-x86_64 | 0.2-7 | NOTE | ||||
r-release-windows-ix86+x86_64 | 0.2-7 | 6.00 | 42.00 | 48.00 | NOTE | |
r-oldrel-macos-x86_64 | 0.2-7 | NOTE | ||||
r-oldrel-windows-ix86+x86_64 | 0.2-7 | 8.00 | 54.00 | 62.00 | NOTE |
Version: 0.2-7
Check: package dependencies
Result: NOTE
Package suggested but not available for checking: 'openNLPmodels.en'
Flavors: r-devel-linux-x86_64-debian-clang, r-devel-linux-x86_64-debian-gcc, r-devel-linux-x86_64-fedora-clang, r-devel-linux-x86_64-fedora-gcc, r-devel-windows-ix86+x86_64, r-patched-linux-x86_64, r-patched-solaris-x86, r-release-linux-x86_64, r-release-macos-x86_64, r-release-windows-ix86+x86_64, r-oldrel-macos-x86_64, r-oldrel-windows-ix86+x86_64