Last updated on 2021-02-26 22:47:27 CET.
Flavor | Version | Tinstall | Tcheck | Ttotal | Status | Flags |
---|---|---|---|---|---|---|
r-devel-linux-x86_64-debian-clang | 0.60-10 | 61.08 | 461.99 | 523.07 | OK | |
r-devel-linux-x86_64-debian-gcc | 0.60-10 | 47.39 | 339.36 | 386.75 | OK | |
r-devel-linux-x86_64-fedora-clang | 0.60-10 | 656.45 | NOTE | |||
r-devel-linux-x86_64-fedora-gcc | 0.60-10 | 659.09 | OK | |||
r-devel-windows-ix86+x86_64 | 0.60-10 | 99.00 | 153.00 | 252.00 | OK | --no-examples --no-tests --no-vignettes |
r-patched-linux-x86_64 | 0.60-10 | 52.09 | 443.23 | 495.32 | OK | |
r-patched-solaris-x86 | 0.60-10 | 987.00 | OK | |||
r-release-linux-x86_64 | 0.60-10 | 52.30 | 445.13 | 497.43 | OK | |
r-release-macos-x86_64 | 0.60-10 | OK | ||||
r-release-windows-ix86+x86_64 | 0.60-10 | 127.00 | 190.00 | 317.00 | OK | --no-examples --no-tests --no-vignettes |
r-oldrel-macos-x86_64 | 0.60-10 | OK | ||||
r-oldrel-windows-ix86+x86_64 | 0.60-10 | 85.00 | 186.00 | 271.00 | OK | --no-examples --no-tests --no-vignettes |
Version: 0.60-10
Check: Rd cross-references
Result: NOTE
Undeclared packages ‘logspline’, ‘ks’ in Rd xrefs
Flavor: r-devel-linux-x86_64-fedora-clang