Last updated on 2021-02-26 09:49:25 CET.
Flavor | Version | Tinstall | Tcheck | Ttotal | Status | Flags |
---|---|---|---|---|---|---|
r-devel-linux-x86_64-debian-clang | 1.1.0 | 4.54 | 57.50 | 62.04 | OK | |
r-devel-linux-x86_64-debian-gcc | 1.1.0 | 3.29 | 41.80 | 45.09 | OK | |
r-devel-linux-x86_64-fedora-clang | 1.1.0 | 80.74 | NOTE | |||
r-devel-linux-x86_64-fedora-gcc | 1.1.0 | 68.71 | OK | |||
r-devel-windows-ix86+x86_64 | 1.1.0 | 9.00 | 59.00 | 68.00 | OK | |
r-patched-linux-x86_64 | 1.1.0 | 3.98 | 53.62 | 57.60 | OK | |
r-patched-solaris-x86 | 1.1.0 | 99.30 | OK | |||
r-release-linux-x86_64 | 1.1.0 | 4.65 | 53.56 | 58.21 | OK | |
r-release-macos-x86_64 | 1.1.0 | OK | ||||
r-release-windows-ix86+x86_64 | 1.1.0 | 21.00 | 78.00 | 99.00 | OK | |
r-oldrel-macos-x86_64 | 1.1.0 | OK | ||||
r-oldrel-windows-ix86+x86_64 | 1.1.0 | 7.00 | 83.00 | 90.00 | OK |
Version: 1.1.0
Check: Rd cross-references
Result: NOTE
Undeclared package ‘bipartite’ in Rd xrefs
Flavor: r-devel-linux-x86_64-fedora-clang