Last updated on 2021-01-15 09:50:53 CET.
Flavor | Version | Tinstall | Tcheck | Ttotal | Status | Flags |
---|---|---|---|---|---|---|
r-devel-linux-x86_64-debian-clang | 0.3.0 | 4.87 | 50.34 | 55.21 | OK | |
r-devel-linux-x86_64-debian-gcc | 0.3.0 | 3.78 | 37.81 | 41.59 | OK | |
r-devel-linux-x86_64-fedora-clang | 0.3.0 | 75.43 | OK | |||
r-devel-linux-x86_64-fedora-gcc | 0.3.0 | 65.89 | OK | |||
r-devel-windows-ix86+x86_64 | 0.3.0 | 13.00 | 8.00 | 21.00 | ERROR | |
r-patched-linux-x86_64 | 0.3.0 | 4.74 | 48.10 | 52.84 | OK | |
r-patched-solaris-x86 | 0.3.0 | 81.50 | OK | |||
r-release-linux-x86_64 | 0.3.0 | 4.47 | 48.31 | 52.78 | OK | |
r-release-macos-x86_64 | 0.3.0 | OK | ||||
r-release-windows-ix86+x86_64 | 0.3.0 | 10.00 | 60.00 | 70.00 | OK | |
r-oldrel-macos-x86_64 | 0.3.0 | OK | ||||
r-oldrel-windows-ix86+x86_64 | 0.3.0 | 7.00 | 51.00 | 58.00 | OK |
Version: 0.3.0
Check: whether package can be installed
Result: ERROR
Installation failed.
Flavor: r-devel-windows-ix86+x86_64