CRAN Package Check Results for Package nawtilus

Last updated on 2021-01-25 22:49:12 CET.

Flavor Version Tinstall Tcheck Ttotal Status Flags
r-devel-linux-x86_64-debian-clang 0.1.4 5.20 36.33 41.53 OK
r-devel-linux-x86_64-debian-gcc 0.1.4 4.10 27.86 31.96 OK
r-devel-linux-x86_64-fedora-clang 0.1.4 60.37 NOTE
r-devel-linux-x86_64-fedora-gcc 0.1.4 50.93 OK
r-devel-windows-ix86+x86_64 0.1.4 10.00 41.00 51.00 OK
r-patched-linux-x86_64 0.1.4 5.14 34.63 39.77 OK
r-patched-solaris-x86 0.1.4 67.60 OK
r-release-linux-x86_64 0.1.4 5.15 34.55 39.70 OK
r-release-macos-x86_64 0.1.4 OK
r-release-windows-ix86+x86_64 0.1.4 10.00 37.00 47.00 OK
r-oldrel-macos-x86_64 0.1.4 OK
r-oldrel-windows-ix86+x86_64 0.1.4 7.00 53.00 60.00 OK

Check Details

Version: 0.1.4
Check: Rd cross-references
Result: NOTE
    Undeclared package ‘CBPS’ in Rd xrefs
Flavor: r-devel-linux-x86_64-fedora-clang