Last updated on 2021-01-25 22:49:12 CET.
Flavor | Version | Tinstall | Tcheck | Ttotal | Status | Flags |
---|---|---|---|---|---|---|
r-devel-linux-x86_64-debian-clang | 0.1.1 | 1126.61 | 46.76 | 1173.37 | OK | |
r-devel-linux-x86_64-debian-gcc | 0.1.1 | 671.95 | 37.62 | 709.57 | OK | |
r-devel-linux-x86_64-fedora-clang | 0.1.1 | 1765.42 | NOTE | |||
r-devel-linux-x86_64-fedora-gcc | 0.1.1 | 1414.42 | NOTE | |||
r-devel-windows-ix86+x86_64 | 0.1.1 | 2384.00 | 120.00 | 2504.00 | NOTE | |
r-patched-linux-x86_64 | 0.1.1 | 815.61 | 45.20 | 860.81 | OK | |
r-patched-solaris-x86 | 0.1.1 | 1027.80 | NOTE | |||
r-release-linux-x86_64 | 0.1.1 | 816.40 | 46.19 | 862.59 | OK | |
r-release-macos-x86_64 | 0.1.1 | NOTE | ||||
r-release-windows-ix86+x86_64 | 0.1.1 | 2362.00 | 94.00 | 2456.00 | NOTE | |
r-oldrel-macos-x86_64 | 0.1.1 | NOTE | ||||
r-oldrel-windows-ix86+x86_64 | 0.1.1 | 1901.00 | 108.00 | 2009.00 | NOTE |
Version: 0.1.1
Check: installed package size
Result: NOTE
installed size is 30.3Mb
sub-directories of 1Mb or more:
data 1.9Mb
libs 27.2Mb
models 1.1Mb
Flavors: r-devel-linux-x86_64-fedora-clang, r-devel-windows-ix86+x86_64, r-patched-solaris-x86, r-release-macos-x86_64, r-release-windows-ix86+x86_64, r-oldrel-macos-x86_64, r-oldrel-windows-ix86+x86_64
Version: 0.1.1
Check: data for non-ASCII characters
Result: NOTE
Note: found 47936 marked UTF-8 strings
Flavors: r-devel-linux-x86_64-fedora-clang, r-devel-linux-x86_64-fedora-gcc, r-patched-solaris-x86, r-release-macos-x86_64, r-oldrel-macos-x86_64