Last updated on 2021-03-08 22:50:29 CET.
Flavor | Version | Tinstall | Tcheck | Ttotal | Status | Flags |
---|---|---|---|---|---|---|
r-devel-linux-x86_64-debian-clang | 1.0.3 | 4.92 | 54.92 | 59.84 | OK | |
r-devel-linux-x86_64-debian-gcc | 1.0.3 | 3.87 | 39.82 | 43.69 | OK | |
r-devel-linux-x86_64-fedora-clang | 1.0.3 | 78.08 | NOTE | |||
r-devel-linux-x86_64-fedora-gcc | 1.0.3 | 67.49 | OK | |||
r-devel-windows-ix86+x86_64 | 1.0.3 | 8.00 | 52.00 | 60.00 | OK | |
r-devel-windows-x86_64-gcc10-UCRT | 1.0.3 | OK | ||||
r-patched-linux-x86_64 | 1.0.3 | 4.69 | 50.92 | 55.61 | OK | |
r-patched-solaris-x86 | 1.0.3 | 92.70 | OK | |||
r-release-linux-x86_64 | 1.0.3 | 4.64 | 51.10 | 55.74 | OK | |
r-release-macos-x86_64 | 1.0.3 | OK | ||||
r-release-windows-ix86+x86_64 | 1.0.3 | 7.00 | 73.00 | 80.00 | OK | |
r-oldrel-macos-x86_64 | 1.0.3 | OK | ||||
r-oldrel-windows-ix86+x86_64 | 1.0.3 | 6.00 | 53.00 | 59.00 | OK |
Version: 1.0.3
Check: Rd cross-references
Result: NOTE
Undeclared package ‘dosresmeta’ in Rd xrefs
Flavor: r-devel-linux-x86_64-fedora-clang