Last updated on 2021-01-20 09:49:54 CET.
Flavor | Version | Tinstall | Tcheck | Ttotal | Status | Flags |
---|---|---|---|---|---|---|
r-devel-linux-x86_64-debian-clang | 0.5.1 | 12.97 | 116.23 | 129.20 | OK | |
r-devel-linux-x86_64-debian-gcc | 0.5.1 | 11.18 | 88.56 | 99.74 | OK | |
r-devel-linux-x86_64-fedora-clang | 0.5.1 | 162.77 | NOTE | |||
r-devel-linux-x86_64-fedora-gcc | 0.5.1 | 149.77 | NOTE | |||
r-devel-windows-ix86+x86_64 | 0.5.1 | 23.00 | 108.00 | 131.00 | OK | |
r-patched-linux-x86_64 | 0.5.1 | 9.07 | 108.17 | 117.24 | OK | |
r-patched-solaris-x86 | 0.5.1 | 218.30 | NOTE | |||
r-release-linux-x86_64 | 0.5.1 | 9.38 | 106.73 | 116.11 | OK | |
r-release-macos-x86_64 | 0.5.1 | NOTE | ||||
r-release-windows-ix86+x86_64 | 0.5.1 | 24.00 | 95.00 | 119.00 | OK | |
r-oldrel-macos-x86_64 | 0.5.1 | NOTE | ||||
r-oldrel-windows-ix86+x86_64 | 0.5.1 | 16.00 | 102.00 | 118.00 | OK |
Version: 0.5.1
Check: dependencies in R code
Result: NOTE
Namespaces in Imports field not imported from:
‘ggformula’ ‘magrittr’ ‘rlang’
All declared Imports should be used.
Flavors: r-devel-linux-x86_64-fedora-clang, r-devel-linux-x86_64-fedora-gcc, r-patched-solaris-x86, r-release-macos-x86_64, r-oldrel-macos-x86_64