CRAN Package Check Results for Package mlflow

Last updated on 2021-01-22 09:48:42 CET.

Flavor Version Tinstall Tcheck Ttotal Status Flags
r-devel-linux-x86_64-debian-clang 1.13.1 9.96 80.46 90.42 OK
r-devel-linux-x86_64-debian-gcc 1.13.1 8.87 61.82 70.69 OK
r-devel-linux-x86_64-fedora-clang 1.13.1 116.86 NOTE
r-devel-linux-x86_64-fedora-gcc 1.13.1 106.70 NOTE
r-devel-windows-ix86+x86_64 1.13.1 22.00 76.00 98.00 OK
r-patched-linux-x86_64 1.13.1 11.60 74.65 86.25 OK
r-patched-solaris-x86 1.13.1 165.70 NOTE
r-release-linux-x86_64 1.13.1 8.34 75.05 83.39 OK
r-release-macos-x86_64 1.13.1 NOTE
r-release-windows-ix86+x86_64 1.13.1 30.00 100.00 130.00 OK
r-oldrel-macos-x86_64 1.13.1 NOTE
r-oldrel-windows-ix86+x86_64 1.13.1 12.00 69.00 81.00 OK

Check Details

Version: 1.13.1
Check: dependencies in R code
Result: NOTE
    Namespace in Imports field not imported from: ‘xml2’
     All declared Imports should be used.
Flavors: r-devel-linux-x86_64-fedora-clang, r-devel-linux-x86_64-fedora-gcc, r-patched-solaris-x86, r-release-macos-x86_64, r-oldrel-macos-x86_64