Last updated on 2021-03-08 22:50:28 CET.
Flavor | Version | Tinstall | Tcheck | Ttotal | Status | Flags |
---|---|---|---|---|---|---|
r-devel-linux-x86_64-debian-clang | 1.1.0 | 5.89 | 74.50 | 80.39 | OK | |
r-devel-linux-x86_64-debian-gcc | 1.1.0 | 4.95 | 53.51 | 58.46 | OK | |
r-devel-linux-x86_64-fedora-clang | 1.1.0 | 104.24 | NOTE | |||
r-devel-linux-x86_64-fedora-gcc | 1.1.0 | 91.94 | OK | |||
r-devel-windows-ix86+x86_64 | 1.1.0 | 10.00 | 65.00 | 75.00 | OK | |
r-devel-windows-x86_64-gcc10-UCRT | 1.1.0 | OK | ||||
r-patched-linux-x86_64 | 1.1.0 | 5.74 | 69.14 | 74.88 | OK | |
r-patched-solaris-x86 | 1.1.0 | 115.10 | OK | |||
r-release-linux-x86_64 | 1.1.0 | 6.04 | 71.21 | 77.25 | OK | |
r-release-macos-x86_64 | 1.1.0 | OK | ||||
r-release-windows-ix86+x86_64 | 1.1.0 | 9.00 | 92.00 | 101.00 | OK | |
r-oldrel-macos-x86_64 | 1.1.0 | OK | ||||
r-oldrel-windows-ix86+x86_64 | 1.1.0 | 8.00 | 63.00 | 71.00 | OK |
Version: 1.1.0
Check: Rd cross-references
Result: NOTE
Undeclared package ‘mvmeta’ in Rd xrefs
Flavor: r-devel-linux-x86_64-fedora-clang