Last updated on 2021-03-08 09:47:46 CET.
Flavor | Version | Tinstall | Tcheck | Ttotal | Status | Flags |
---|---|---|---|---|---|---|
r-devel-linux-x86_64-debian-clang | 0.2 | 12.17 | 99.34 | 111.51 | OK | |
r-devel-linux-x86_64-debian-gcc | 0.2 | 10.87 | 75.43 | 86.30 | OK | |
r-devel-linux-x86_64-fedora-clang | 0.2 | 144.37 | NOTE | |||
r-devel-linux-x86_64-fedora-gcc | 0.2 | 131.03 | NOTE | |||
r-devel-windows-ix86+x86_64 | 0.2 | 28.00 | 146.00 | 174.00 | OK | |
r-devel-windows-x86_64-gcc10-UCRT | 0.2 | NOTE | ||||
r-patched-linux-x86_64 | 0.2 | 11.05 | 91.66 | 102.71 | OK | |
r-patched-solaris-x86 | 0.2 | 187.30 | NOTE | |||
r-release-linux-x86_64 | 0.2 | 12.46 | 93.10 | 105.56 | OK | |
r-release-macos-x86_64 | 0.2 | NOTE | ||||
r-release-windows-ix86+x86_64 | 0.2 | 20.00 | 106.00 | 126.00 | OK | |
r-oldrel-macos-x86_64 | 0.2 | NOTE | ||||
r-oldrel-windows-ix86+x86_64 | 0.2 | 16.00 | 81.00 | 97.00 | OK |
Version: 0.2
Check: dependencies in R code
Result: NOTE
Namespaces in Imports field not imported from:
‘markdown’ ‘metafor’
All declared Imports should be used.
Flavors: r-devel-linux-x86_64-fedora-clang, r-devel-linux-x86_64-fedora-gcc, r-devel-windows-x86_64-gcc10-UCRT, r-patched-solaris-x86, r-release-macos-x86_64, r-oldrel-macos-x86_64