Last updated on 2021-03-08 09:47:46 CET.
Flavor | Version | Tinstall | Tcheck | Ttotal | Status | Flags |
---|---|---|---|---|---|---|
r-devel-linux-x86_64-debian-clang | 0.3.1 | 22.98 | 133.33 | 156.31 | OK | |
r-devel-linux-x86_64-debian-gcc | 0.3.1 | 18.65 | 100.71 | 119.36 | OK | |
r-devel-linux-x86_64-fedora-clang | 0.3.1 | 203.87 | OK | |||
r-devel-linux-x86_64-fedora-gcc | 0.3.1 | 185.48 | OK | |||
r-devel-windows-ix86+x86_64 | 0.3.1 | 46.00 | 178.00 | 224.00 | OK | |
r-devel-windows-x86_64-gcc10-UCRT | 0.3.1 | NOTE | ||||
r-patched-linux-x86_64 | 0.3.1 | 22.74 | 126.61 | 149.35 | OK | |
r-patched-solaris-x86 | 0.3.1 | 272.50 | OK | |||
r-release-linux-x86_64 | 0.3.1 | 21.63 | 128.78 | 150.41 | OK | |
r-release-macos-x86_64 | 0.3.1 | NOTE | ||||
r-release-windows-ix86+x86_64 | 0.3.1 | 31.00 | 118.00 | 149.00 | OK | |
r-oldrel-macos-x86_64 | 0.3.1 | OK | ||||
r-oldrel-windows-ix86+x86_64 | 0.3.1 | 30.00 | 117.00 | 147.00 | OK |
Version: 0.3.1
Check: package dependencies
Result: NOTE
Package suggested but not available for checking: 'phyloseq'
Flavor: r-devel-windows-x86_64-gcc10-UCRT
Version: 0.3.1
Check: package dependencies
Result: NOTE
Package suggested but not available for checking: ‘ggtree’
Flavor: r-release-macos-x86_64