CRAN Package Check Results for Package mgcViz

Last updated on 2021-01-20 09:49:53 CET.

Flavor Version Tinstall Tcheck Ttotal Status Flags
r-devel-linux-x86_64-debian-clang 0.1.6 20.50 338.44 358.94 OK
r-devel-linux-x86_64-debian-gcc 0.1.6 16.04 245.35 261.39 OK
r-devel-linux-x86_64-fedora-clang 0.1.6 424.85 NOTE
r-devel-linux-x86_64-fedora-gcc 0.1.6 411.77 OK
r-devel-windows-ix86+x86_64 0.1.6 30.00 435.00 465.00 NOTE
r-patched-linux-x86_64 0.1.6 20.19 315.27 335.46 OK
r-patched-solaris-x86 0.1.6 503.70 WARN
r-release-linux-x86_64 0.1.6 18.43 302.08 320.51 OK
r-release-macos-x86_64 0.1.6 NOTE
r-release-windows-ix86+x86_64 0.1.6 35.00 442.00 477.00 NOTE
r-oldrel-macos-x86_64 0.1.6 WARN
r-oldrel-windows-ix86+x86_64 0.1.6 27.00 406.00 433.00 NOTE

Check Details

Version: 0.1.6
Check: installed package size
Result: NOTE
     installed size is 5.1Mb
     sub-directories of 1Mb or more:
     doc 4.4Mb
Flavors: r-devel-linux-x86_64-fedora-clang, r-devel-windows-ix86+x86_64, r-patched-solaris-x86, r-release-macos-x86_64, r-release-windows-ix86+x86_64, r-oldrel-macos-x86_64, r-oldrel-windows-ix86+x86_64

Version: 0.1.6
Check: re-building of vignette outputs
Result: WARN
    Error(s) in re-building vignettes:
     ...
    --- re-building ‘mgcviz.rmd’ using rmarkdown
    Warning in engine$weave(file, quiet = quiet, encoding = enc) :
     Pandoc (>= 1.12.3) and/or pandoc-citeproc not available. Falling back to R Markdown v1.
    Loading required package: mgcv
    Loading required package: nlme
    This is mgcv 1.8-33. For overview type 'help("mgcv-package")'.
    Loading required package: qgam
    Loading required package: ggplot2
    Registered S3 method overwritten by 'mgcViz':
     method from
     +.gg GGally
    
    Attaching package: 'mgcViz'
    
    The following objects are masked from 'package:stats':
    
     qqline, qqnorm, qqplot
    
    Loading required namespace: rmarkdown
    PhantomJS not found. You can install it with webshot::install_phantomjs(). If it is installed, please make sure the phantomjs executable can be found via the PATH variable.
    Warning in normalizePath(f2) :
     path[1]="webshoteee35b82669.png": No such file or directory
    Warning in file(con, "rb") :
     cannot open file 'webshoteee35b82669.png': No such file or directory
    Quitting from lines 173-181 (mgcviz.rmd)
    Error: processing vignette 'mgcviz.rmd' failed with diagnostics:
    cannot open the connection
    --- failed re-building ‘mgcviz.rmd’
    
    SUMMARY: processing the following file failed:
     ‘mgcviz.rmd’
    
    Error: Vignette re-building failed.
    Execution halted
Flavor: r-patched-solaris-x86

Version: 0.1.6
Check: whether package can be installed
Result: WARN
    Found the following significant warnings:
     Warning: 'rgl.init' failed, running with 'rgl.useNULL = TRUE'.
Flavor: r-oldrel-macos-x86_64