Last updated on 2025-01-19 22:49:17 CET.
Flavor | Version | Tinstall | Tcheck | Ttotal | Status | Flags |
---|---|---|---|---|---|---|
r-devel-linux-x86_64-debian-clang | 0.2.1 | 24.67 | 155.86 | 180.53 | NOTE | |
r-devel-linux-x86_64-debian-gcc | 0.2.1 | 19.46 | 108.37 | 127.83 | NOTE | |
r-devel-linux-x86_64-fedora-clang | 0.2.1 | 301.51 | NOTE | |||
r-devel-linux-x86_64-fedora-gcc | 0.2.1 | 340.00 | NOTE | |||
r-devel-windows-x86_64 | 0.2.1 | 30.00 | 206.00 | 236.00 | NOTE | |
r-patched-linux-x86_64 | 0.2.1 | 24.85 | 153.85 | 178.70 | NOTE | |
r-release-linux-x86_64 | 0.2.1 | 26.66 | 154.52 | 181.18 | NOTE | |
r-release-macos-arm64 | 0.2.1 | 88.00 | NOTE | |||
r-release-macos-x86_64 | 0.2.1 | 130.00 | NOTE | |||
r-release-windows-x86_64 | 0.2.1 | 32.00 | 221.00 | 253.00 | NOTE | |
r-oldrel-macos-arm64 | 0.2.1 | 100.00 | NOTE | |||
r-oldrel-macos-x86_64 | 0.2.1 | 181.00 | NOTE | |||
r-oldrel-windows-x86_64 | 0.2.1 | 35.00 | 255.00 | 290.00 | NOTE |
Version: 0.2.1
Check: package subdirectories
Result: NOTE
Problems with news in ‘NEWS.md’:
No news entries found.
Flavors: r-devel-linux-x86_64-debian-clang, r-devel-linux-x86_64-debian-gcc, r-devel-linux-x86_64-fedora-clang, r-devel-linux-x86_64-fedora-gcc, r-devel-windows-x86_64, r-patched-linux-x86_64, r-release-linux-x86_64, r-release-macos-arm64, r-release-macos-x86_64, r-release-windows-x86_64, r-oldrel-macos-arm64, r-oldrel-macos-x86_64, r-oldrel-windows-x86_64