Last updated on 2021-03-06 09:52:08 CET.
Flavor | Version | Tinstall | Tcheck | Ttotal | Status | Flags |
---|---|---|---|---|---|---|
r-devel-linux-x86_64-debian-clang | 1.2 | 14.40 | 183.96 | 198.36 | OK | |
r-devel-linux-x86_64-debian-gcc | 1.2 | 10.84 | 132.45 | 143.29 | OK | |
r-devel-linux-x86_64-fedora-clang | 1.2 | 212.52 | NOTE | |||
r-devel-linux-x86_64-fedora-gcc | 1.2 | 237.38 | NOTE | |||
r-devel-windows-ix86+x86_64 | 1.2 | 30.00 | 230.00 | 260.00 | OK | |
r-patched-linux-x86_64 | 1.2 | OK | ||||
r-patched-solaris-x86 | 1.2 | 329.20 | NOTE | |||
r-release-linux-x86_64 | 1.2 | 14.46 | 172.96 | 187.42 | OK | |
r-release-macos-x86_64 | 1.2 | NOTE | ||||
r-release-windows-ix86+x86_64 | 1.2 | 22.00 | 178.00 | 200.00 | OK | |
r-oldrel-macos-x86_64 | 1.2 | ERROR |
Version: 1.2
Check: dependencies in R code
Result: NOTE
Namespace in Imports field not imported from: ‘lmerTest’
All declared Imports should be used.
Flavors: r-devel-linux-x86_64-fedora-clang, r-devel-linux-x86_64-fedora-gcc, r-patched-solaris-x86, r-release-macos-x86_64
Version: 1.2
Check: whether package can be installed
Result: ERROR
Installation failed.
Flavor: r-oldrel-macos-x86_64